Last updated on 2024-07-27 01:53:18 CEST.
Flavor | Version | Tinstall | Tcheck | Ttotal | Status | Flags |
---|---|---|---|---|---|---|
r-devel-linux-x86_64-debian-clang | 3.1-165 | 34.99 | 298.64 | 333.63 | OK | |
r-devel-linux-x86_64-debian-gcc | 3.1-165 | 25.41 | 218.23 | 243.64 | NOTE | |
r-devel-linux-x86_64-fedora-clang | 3.1-165 | 403.37 | OK | |||
r-devel-linux-x86_64-fedora-gcc | 3.1-165 | 384.66 | OK | |||
r-devel-windows-x86_64 | 3.1-165 | 36.00 | 287.00 | 323.00 | NOTE | |
r-patched-linux-x86_64 | 3.1-165 | OK | ||||
r-release-linux-x86_64 | 3.1-165 | 30.73 | 283.80 | 314.53 | OK | |
r-release-macos-arm64 | 3.1-165 | 128.00 | OK | |||
r-release-macos-x86_64 | 3.1-165 | 329.00 | OK | |||
r-release-windows-x86_64 | 3.1-165 | 37.00 | 281.00 | 318.00 | OK | |
r-oldrel-macos-arm64 | 3.1-165 | 119.00 | OK | |||
r-oldrel-macos-x86_64 | 3.1-165 | 262.00 | OK | |||
r-oldrel-windows-x86_64 | 3.1-165 | 46.00 | 346.00 | 392.00 | OK |
Version: 3.1-165
Check: Rd cross-references
Result: NOTE
Found the following Rd file(s) with Rd \link{} targets missing package
anchors:
pairs.compareFits.Rd: xyplot, splom
pairs.lmList.Rd: xyplot, splom
pairs.lme.Rd: xyplot, splom
plot.ACF.Rd: xyplot
plot.Variogram.Rd: xyplot
plot.augPred.Rd: xyplot
plot.gls.Rd: xyplot, bwplot, histogram
plot.lmList.Rd: xyplot, bwplot, histogram
plot.lme.Rd: xyplot, bwplot, histogram
plot.nfnGroupedData.Rd: xyplot
Please provide package anchors for all Rd \link{} targets not in the
package itself and the base packages.
Flavors: r-devel-linux-x86_64-debian-gcc, r-devel-windows-x86_64