Last updated on 2024-07-27 01:53:18 CEST.
Flavor | Version | Tinstall | Tcheck | Ttotal | Status | Flags |
---|---|---|---|---|---|---|
r-devel-linux-x86_64-debian-clang | 0.70-9 | 3.31 | 39.27 | 42.58 | OK | |
r-devel-linux-x86_64-debian-gcc | 0.70-9 | 2.25 | 28.84 | 31.09 | NOTE | |
r-devel-linux-x86_64-fedora-clang | 0.70-9 | 53.04 | OK | |||
r-devel-linux-x86_64-fedora-gcc | 0.70-9 | 49.74 | OK | |||
r-devel-windows-x86_64 | 0.70-9 | 5.00 | 54.00 | 59.00 | NOTE | |
r-patched-linux-x86_64 | 0.70-9 | OK | ||||
r-release-linux-x86_64 | 0.70-9 | 3.08 | 36.28 | 39.36 | OK | |
r-release-macos-arm64 | 0.70-9 | 20.00 | OK | |||
r-release-macos-x86_64 | 0.70-9 | 34.00 | OK | |||
r-release-windows-x86_64 | 0.70-9 | 4.00 | 53.00 | 57.00 | OK | |
r-oldrel-macos-arm64 | 0.70-9 | 23.00 | OK | |||
r-oldrel-macos-x86_64 | 0.70-9 | 30.00 | OK | |||
r-oldrel-windows-x86_64 | 0.70-9 | 5.00 | 59.00 | 64.00 | OK |
Version: 0.70-9
Check: Rd cross-references
Result: NOTE
Found the following Rd file(s) with Rd \link{} targets missing package
anchors:
Pwr.lme.Rd: anova.lme
Please provide package anchors for all Rd \link{} targets not in the
package itself and the base packages.
Flavors: r-devel-linux-x86_64-debian-gcc, r-devel-windows-x86_64