CRAN Package Check Results for Package nlmeU

Last updated on 2025-02-10 01:48:28 CET.

Flavor Version Tinstall Tcheck Ttotal Status Flags
r-devel-linux-x86_64-debian-clang 0.70-9 2.43 30.10 32.53 NOTE
r-devel-linux-x86_64-debian-gcc 0.70-9 1.72 23.52 25.24 NOTE
r-devel-linux-x86_64-fedora-clang 0.70-9 53.37 OK
r-devel-linux-x86_64-fedora-gcc 0.70-9 50.07 OK
r-devel-windows-x86_64 0.70-9 4.00 55.00 59.00 NOTE
r-patched-linux-x86_64 0.70-9 3.02 28.58 31.60 OK
r-release-linux-x86_64 0.70-9 2.31 28.99 31.30 OK
r-release-macos-arm64 0.70-9 20.00 OK
r-release-macos-x86_64 0.70-9 34.00 OK
r-release-windows-x86_64 0.70-9 4.00 55.00 59.00 OK
r-oldrel-macos-arm64 0.70-9 23.00 OK
r-oldrel-macos-x86_64 0.70-9 30.00 OK
r-oldrel-windows-x86_64 0.70-9 4.00 61.00 65.00 OK

Check Details

Version: 0.70-9
Check: Rd cross-references
Result: NOTE Found the following Rd file(s) with Rd \link{} targets missing package anchors: Pwr.lme.Rd: anova.lme Please provide package anchors for all Rd \link{} targets not in the package itself and the base packages. Flavors: r-devel-linux-x86_64-debian-clang, r-devel-linux-x86_64-debian-gcc, r-devel-windows-x86_64