Last updated on 2025-05-07 01:50:04 CEST.
Flavor | Version | Tinstall | Tcheck | Ttotal | Status | Flags |
---|---|---|---|---|---|---|
r-devel-linux-x86_64-debian-clang | 0.3-4 | 2.60 | 26.51 | 29.11 | NOTE | |
r-devel-linux-x86_64-debian-gcc | 0.3-4 | 1.93 | 19.61 | 21.54 | NOTE | |
r-devel-linux-x86_64-fedora-clang | 0.3-4 | 47.09 | OK | |||
r-devel-linux-x86_64-fedora-gcc | 0.3-4 | 44.42 | OK | |||
r-devel-windows-x86_64 | 0.3-4 | 4.00 | 45.00 | 49.00 | OK | |
r-patched-linux-x86_64 | 0.3-4 | 2.12 | 25.21 | 27.33 | OK | |
r-release-linux-x86_64 | 0.3-4 | 2.21 | 25.32 | 27.53 | OK | |
r-release-macos-arm64 | 0.3-4 | 19.00 | OK | |||
r-release-macos-x86_64 | 0.3-4 | 35.00 | OK | |||
r-release-windows-x86_64 | 0.3-4 | 3.00 | 46.00 | 49.00 | OK | |
r-oldrel-macos-arm64 | 0.3-4 | 24.00 | OK | |||
r-oldrel-macos-x86_64 | 0.3-4 | 64.00 | OK | |||
r-oldrel-windows-x86_64 | 0.3-4 | 3.00 | 50.00 | 53.00 | OK |
Version: 0.3-4
Check: CRAN incoming feasibility
Result: NOTE
Maintainer: ‘G. Grothendieck <ggrothendieck@gmail.com>’
No Authors@R field in DESCRIPTION.
Please add one, modifying
Authors@R: c(person(given = "G.",
family = "Grothendieck",
role = c("aut", "cre"),
email = "ggrothendieck@gmail.com"),
person(given = c("R", "Core"),
family = "Team",
role = "aut",
comment = "nls"))
as necessary.
Flavors: r-devel-linux-x86_64-debian-clang, r-devel-linux-x86_64-debian-gcc