Last updated on 2025-07-17 02:49:31 CEST.
Flavor | Version | Tinstall | Tcheck | Ttotal | Status | Flags |
---|---|---|---|---|---|---|
r-devel-linux-x86_64-debian-clang | 1.0.2 | 3.22 | 70.41 | 73.63 | OK | |
r-devel-linux-x86_64-debian-gcc | 1.0.2 | 2.07 | 48.82 | 50.89 | OK | |
r-devel-linux-x86_64-fedora-clang | 1.0.2 | 123.03 | OK | |||
r-devel-linux-x86_64-fedora-gcc | 1.0.2 | 127.19 | OK | |||
r-devel-windows-x86_64 | 1.0.2 | 4.00 | 83.00 | 87.00 | OK | |
r-patched-linux-x86_64 | 1.0.2 | 3.17 | 65.62 | 68.79 | OK | |
r-release-linux-x86_64 | 1.0.2 | 2.98 | 66.51 | 69.49 | OK | |
r-release-macos-arm64 | 1.0.2 | 42.00 | OK | |||
r-release-macos-x86_64 | 1.0.2 | 76.00 | OK | |||
r-release-windows-x86_64 | 1.0.2 | 5.00 | 82.00 | 87.00 | OK | |
r-oldrel-macos-arm64 | 1.0.2 | 42.00 | NOTE | |||
r-oldrel-macos-x86_64 | 1.0.2 | 63.00 | NOTE | |||
r-oldrel-windows-x86_64 | 1.0.2 | 7.00 | 103.00 | 110.00 | NOTE |
Version: 1.0.2
Check: installed package size
Result: NOTE
installed size is 5.7Mb
sub-directories of 1Mb or more:
doc 5.5Mb
Flavors: r-oldrel-macos-arm64, r-oldrel-macos-x86_64, r-oldrel-windows-x86_64