Last updated on 2024-07-27 01:53:18 CEST.
Flavor | Version | Tinstall | Tcheck | Ttotal | Status | Flags |
---|---|---|---|---|---|---|
r-devel-linux-x86_64-debian-clang | 0.4.8 | 8.41 | 71.90 | 80.31 | OK | |
r-devel-linux-x86_64-debian-gcc | 0.4.8 | 6.35 | 54.32 | 60.67 | OK | |
r-devel-linux-x86_64-fedora-clang | 0.4.8 | 97.72 | NOTE | |||
r-devel-linux-x86_64-fedora-gcc | 0.4.8 | 107.02 | OK | |||
r-devel-windows-x86_64 | 0.4.8 | 10.00 | 99.00 | 109.00 | OK | |
r-patched-linux-x86_64 | 0.4.8 | OK | ||||
r-release-linux-x86_64 | 0.4.8 | 6.73 | 68.09 | 74.82 | OK | |
r-release-macos-arm64 | 0.4.8 | 41.00 | OK | |||
r-release-macos-x86_64 | 0.4.8 | 60.00 | OK | |||
r-release-windows-x86_64 | 0.4.8 | 9.00 | 99.00 | 108.00 | OK | |
r-oldrel-macos-arm64 | 0.4.8 | 43.00 | OK | |||
r-oldrel-macos-x86_64 | 0.4.8 | 76.00 | OK | |||
r-oldrel-windows-x86_64 | 0.4.8 | 13.00 | 104.00 | 117.00 | OK |
Version: 0.4.8
Check: Rd cross-references
Result: NOTE
Undeclared package ‘sfheaders’ in Rd xrefs
Flavor: r-devel-linux-x86_64-fedora-clang