Last updated on 2025-07-24 02:52:19 CEST.
Flavor | Version | Tinstall | Tcheck | Ttotal | Status | Flags |
---|---|---|---|---|---|---|
r-devel-linux-x86_64-debian-clang | 0.2.9 | 103.58 | 54.66 | 158.24 | OK | |
r-devel-linux-x86_64-debian-gcc | 0.2.9 | 80.75 | 40.67 | 121.42 | OK | |
r-devel-linux-x86_64-fedora-clang | 0.2.9 | 312.02 | OK | |||
r-devel-linux-x86_64-fedora-gcc | 0.2.9 | 325.76 | OK | |||
r-devel-windows-x86_64 | 0.2.9 | 112.00 | 122.00 | 234.00 | OK | |
r-patched-linux-x86_64 | 0.2.9 | 113.24 | 50.99 | 164.23 | OK | |
r-release-linux-x86_64 | 0.2.9 | 114.29 | 51.20 | 165.49 | OK | |
r-release-macos-arm64 | 0.2.9 | 89.00 | OK | |||
r-release-macos-x86_64 | 0.2.9 | 134.00 | OK | |||
r-release-windows-x86_64 | 0.2.9 | 123.00 | 127.00 | 250.00 | OK | |
r-oldrel-macos-arm64 | 0.2.9 | 89.00 | NOTE | |||
r-oldrel-macos-x86_64 | 0.2.9 | 91.00 | NOTE | |||
r-oldrel-windows-x86_64 | 0.2.9 | 146.00 | 145.00 | 291.00 | OK |
Version: 0.2.9
Check: installed package size
Result: NOTE
installed size is 11.0Mb
sub-directories of 1Mb or more:
libs 10.4Mb
Flavors: r-oldrel-macos-arm64, r-oldrel-macos-x86_64