Last updated on 2025-05-24 01:51:28 CEST.
Flavor | Version | Tinstall | Tcheck | Ttotal | Status | Flags |
---|---|---|---|---|---|---|
r-devel-linux-x86_64-debian-clang | 1.0.2 | 1.94 | 20.38 | 22.32 | NOTE | |
r-devel-linux-x86_64-debian-gcc | 1.0.2 | 1.44 | 16.32 | 17.76 | NOTE | |
r-devel-linux-x86_64-fedora-clang | 1.0.2 | 33.60 | OK | |||
r-devel-linux-x86_64-fedora-gcc | 1.0.2 | 32.73 | OK | |||
r-devel-windows-x86_64 | 1.0.2 | 5.00 | 46.00 | 51.00 | OK | |
r-patched-linux-x86_64 | 1.0.2 | 1.99 | 19.16 | 21.15 | OK | |
r-release-linux-x86_64 | 1.0.2 | 1.80 | 19.22 | 21.02 | OK | |
r-release-macos-arm64 | 1.0.2 | 19.00 | OK | |||
r-release-macos-x86_64 | 1.0.2 | 31.00 | OK | |||
r-release-windows-x86_64 | 1.0.2 | 2.00 | 45.00 | 47.00 | OK | |
r-oldrel-macos-arm64 | 1.0.2 | 16.00 | OK | |||
r-oldrel-macos-x86_64 | 1.0.2 | 29.00 | OK | |||
r-oldrel-windows-x86_64 | 1.0.2 | 3.00 | 41.00 | 44.00 | OK |
Version: 1.0.2
Check: CRAN incoming feasibility
Result: NOTE
Maintainer: ‘Audrey Q. Fu <audreyqyfu@gmail.com>’
No Authors@R field in DESCRIPTION.
Please add one, modifying
Authors@R: c(person(given = c("Audrey", "Qiuyan"),
family = "Fu",
role = "aut"),
person(given = "Lior",
family = "Pachter",
role = "aut"),
person(given = c("Audrey", "Q."),
family = "Fu",
role = "cre",
email = "audreyqyfu@gmail.com"))
as necessary.
Flavors: r-devel-linux-x86_64-debian-clang, r-devel-linux-x86_64-debian-gcc