CRAN Package Check Results for Package nonneg.cg

Last updated on 2025-11-20 03:50:17 CET.

Flavor Version Tinstall Tcheck Ttotal Status Flags
r-devel-linux-x86_64-debian-clang 0.1.6-1 11.03 24.58 35.61 NOTE
r-devel-linux-x86_64-debian-gcc 0.1.6-1 7.23 20.60 27.83 NOTE
r-devel-linux-x86_64-fedora-clang 0.1.6-1 28.00 30.12 58.12 OK
r-devel-linux-x86_64-fedora-gcc 0.1.6-1 27.00 29.96 56.96 OK
r-devel-windows-x86_64 0.1.6-1 17.00 63.00 80.00 OK
r-patched-linux-x86_64 0.1.6-1 10.99 23.46 34.45 OK
r-release-linux-x86_64 0.1.6-1 9.86 23.51 33.37 OK
r-release-macos-arm64 0.1.6-1 OK
r-release-macos-x86_64 0.1.6-1 10.00 32.00 42.00 OK
r-release-windows-x86_64 0.1.6-1 14.00 65.00 79.00 OK
r-oldrel-macos-arm64 0.1.6-1 OK
r-oldrel-macos-x86_64 0.1.6-1 7.00 23.00 30.00 OK
r-oldrel-windows-x86_64 0.1.6-1 16.00 76.00 92.00 OK

Check Details

Version: 0.1.6-1
Check: CRAN incoming feasibility
Result: NOTE Maintainer: ‘David Cortes <david.cortes.rivera@gmail.com>’ No Authors@R field in DESCRIPTION. Please add one, modifying Authors@R: person(given = "David", family = "Cortes", role = c("aut", "cre"), email = "david.cortes.rivera@gmail.com") as necessary. Flavors: r-devel-linux-x86_64-debian-clang, r-devel-linux-x86_64-debian-gcc