Last updated on 2025-11-20 02:49:21 CET.
| Flavor | Version | Tinstall | Tcheck | Ttotal | Status | Flags |
|---|---|---|---|---|---|---|
| r-devel-linux-x86_64-debian-clang | 2.0.3 | 18.85 | 159.92 | 178.77 | OK | |
| r-devel-linux-x86_64-debian-gcc | 2.0.3 | 11.95 | 109.93 | 121.88 | OK | |
| r-devel-linux-x86_64-fedora-clang | 2.0.3 | 41.00 | 237.22 | 278.22 | OK | |
| r-devel-linux-x86_64-fedora-gcc | 2.0.3 | 38.00 | 253.42 | 291.42 | OK | |
| r-devel-windows-x86_64 | 2.0.3 | 25.00 | 169.00 | 194.00 | OK | |
| r-patched-linux-x86_64 | 2.0.3 | 18.25 | 146.12 | 164.37 | OK | |
| r-release-linux-x86_64 | 2.0.3 | 17.07 | 148.21 | 165.28 | OK | |
| r-release-macos-arm64 | 2.0.3 | OK | ||||
| r-release-macos-x86_64 | 2.0.3 | 17.00 | 147.00 | 164.00 | OK | |
| r-release-windows-x86_64 | 2.0.3 | 28.00 | 170.00 | 198.00 | OK | |
| r-oldrel-macos-arm64 | 2.0.3 | NOTE | ||||
| r-oldrel-macos-x86_64 | 2.0.3 | 16.00 | 144.00 | 160.00 | NOTE | |
| r-oldrel-windows-x86_64 | 2.0.3 | 32.00 | 218.00 | 250.00 | NOTE |
Version: 2.0.3
Check: installed package size
Result: NOTE
installed size is 9.8Mb
sub-directories of 1Mb or more:
doc 2.8Mb
help 5.4Mb
Flavors: r-oldrel-macos-arm64, r-oldrel-macos-x86_64, r-oldrel-windows-x86_64