Last updated on 2025-02-19 01:50:57 CET.
Flavor | Version | Tinstall | Tcheck | Ttotal | Status | Flags |
---|---|---|---|---|---|---|
r-devel-linux-x86_64-debian-clang | 0.1.0 | 21.46 | 32.56 | 54.02 | OK | |
r-devel-linux-x86_64-debian-gcc | 0.1.0 | 15.17 | 28.03 | 43.20 | OK | |
r-devel-linux-x86_64-fedora-clang | 0.1.0 | 86.68 | OK | |||
r-devel-linux-x86_64-fedora-gcc | 0.1.0 | 79.94 | OK | |||
r-devel-macos-arm64 | 0.1.0 | 35.00 | OK | |||
r-devel-macos-x86_64 | 0.1.0 | 95.00 | OK | |||
r-devel-windows-x86_64 | 0.1.0 | 16.00 | 49.00 | 65.00 | OK | |
r-patched-linux-x86_64 | 0.1.0 | 22.14 | 31.44 | 53.58 | OK | |
r-release-linux-x86_64 | 0.1.0 | 21.96 | 31.68 | 53.64 | OK | |
r-release-macos-arm64 | 0.1.0 | 35.00 | NOTE | |||
r-release-macos-x86_64 | 0.1.0 | 54.00 | NOTE | |||
r-release-windows-x86_64 | 0.1.0 | 19.00 | 48.00 | 67.00 | NOTE | |
r-oldrel-macos-arm64 | 0.1.0 | 46.00 | NOTE | |||
r-oldrel-macos-x86_64 | 0.1.0 | 95.00 | NOTE | |||
r-oldrel-windows-x86_64 | 0.1.0 | 20.00 | 53.00 | 73.00 | NOTE |
Version: 0.1.0
Check: installed package size
Result: NOTE
installed size is 6.5Mb
sub-directories of 1Mb or more:
data 6.4Mb
Flavors: r-release-macos-arm64, r-release-macos-x86_64, r-release-windows-x86_64, r-oldrel-macos-arm64, r-oldrel-macos-x86_64, r-oldrel-windows-x86_64