Last updated on 2025-05-24 01:51:28 CEST.
Flavor | Version | Tinstall | Tcheck | Ttotal | Status | Flags |
---|---|---|---|---|---|---|
r-devel-linux-x86_64-debian-clang | 1.6.1 | 68.18 | 70.97 | 139.15 | OK | |
r-devel-linux-x86_64-debian-gcc | 1.6.1 | 51.79 | 54.16 | 105.95 | OK | |
r-devel-linux-x86_64-fedora-clang | 1.6.1 | 248.39 | OK | |||
r-devel-linux-x86_64-fedora-gcc | 1.6.1 | 283.59 | OK | |||
r-devel-windows-x86_64 | 1.6.1 | 114.00 | 116.00 | 230.00 | OK | |
r-patched-linux-x86_64 | 1.6.1 | 68.58 | 67.45 | 136.03 | OK | |
r-release-linux-x86_64 | 1.6.1 | 70.46 | 66.23 | 136.69 | OK | |
r-release-macos-arm64 | 1.6.1 | 90.00 | OK | |||
r-release-macos-x86_64 | 1.6.1 | 129.00 | OK | |||
r-release-windows-x86_64 | 1.6.1 | 112.00 | 116.00 | 228.00 | FAIL | |
r-oldrel-macos-arm64 | 1.6.1 | 75.00 | NOTE | |||
r-oldrel-macos-x86_64 | 1.6.1 | 141.00 | NOTE | |||
r-oldrel-windows-x86_64 | 1.6.1 | 125.00 | 137.00 | 262.00 | OK |
Version: 1.6.1
Check: PDF version of manual
Result: FAIL
Check process probably crashed or hung up for 20 minutes ... killed
Most likely this happened in the example checks (?),
if not, ignore the following last lines of example output:
> ##D account = "testorg-test_account",
> ##D uid = "me",
> ##D pwd = rstudioapi::askForPassword()
> ##D )
> ##D
> ##D # Use credentials from the viewer (when possible) in a Shiny app
> ##D # deployed to Posit Connect.
> ##D library(connectcreds)
> ##D server <- function(input, output, session) {
> ##D conn <- DBI::dbConnect(odbc::snowflake())
> ##D }
> ## End(Not run)
>
>
>
> ### * <FOOTER>
> ###
> cleanEx()
> options(digits = 7L)
> base::cat("Time elapsed: ", proc.time() - base::get("ptime", pos = 'CheckExEnv'),"\n")
Time elapsed: 1.27 0.06 1.34 NA NA
> grDevices::dev.off()
null device
1
> ###
> ### Local variables: ***
> ### mode: outline-minor ***
> ### outline-regexp: "\\(> \\)?### [*]+" ***
> ### End: ***
> quit('no')
======== End of example output (where/before crash/hang up occured ?) ========
Flavor: r-release-windows-x86_64
Version: 1.6.1
Check: installed package size
Result: NOTE
installed size is 11.6Mb
sub-directories of 1Mb or more:
libs 10.6Mb
Flavors: r-oldrel-macos-arm64, r-oldrel-macos-x86_64