Last updated on 2025-05-08 01:51:12 CEST.
Flavor | Version | Tinstall | Tcheck | Ttotal | Status | Flags |
---|---|---|---|---|---|---|
r-devel-linux-x86_64-debian-clang | 0.7.2 | 101.66 | 132.46 | 234.12 | OK | |
r-devel-linux-x86_64-debian-gcc | 0.7.2 | 70.93 | 93.69 | 164.62 | OK | |
r-devel-linux-x86_64-fedora-clang | 0.7.2 | 432.50 | OK | |||
r-devel-linux-x86_64-fedora-gcc | 0.7.2 | 432.93 | OK | |||
r-devel-windows-x86_64 | 0.7.2 | 117.00 | 191.00 | 308.00 | OK | |
r-patched-linux-x86_64 | 0.7.2 | 96.15 | 123.39 | 219.54 | OK | |
r-release-linux-x86_64 | 0.7.2 | 94.34 | 123.63 | 217.97 | OK | |
r-release-macos-arm64 | 0.7.2 | 86.00 | OK | |||
r-release-macos-x86_64 | 0.7.2 | 120.00 | OK | |||
r-release-windows-x86_64 | 0.7.2 | 125.00 | 192.00 | 317.00 | OK | |
r-oldrel-macos-arm64 | 0.7.2 | 106.00 | NOTE | |||
r-oldrel-macos-x86_64 | 0.7.2 | 137.00 | NOTE | |||
r-oldrel-windows-x86_64 | 0.7.2 | 144.00 | 240.00 | 384.00 | OK |
Version: 0.7.2
Check: installed package size
Result: NOTE
installed size is 8.5Mb
sub-directories of 1Mb or more:
libs 8.1Mb
Flavors: r-oldrel-macos-arm64, r-oldrel-macos-x86_64