Last updated on 2025-05-06 02:50:26 CEST.
Flavor | Version | Tinstall | Tcheck | Ttotal | Status | Flags |
---|---|---|---|---|---|---|
r-devel-linux-x86_64-debian-clang | 0.1.0 | 6.00 | 95.63 | 101.63 | NOTE | |
r-devel-linux-x86_64-debian-gcc | 0.1.0 | 4.35 | 68.68 | 73.03 | NOTE | |
r-devel-linux-x86_64-fedora-clang | 0.1.0 | 144.88 | NOTE | |||
r-devel-linux-x86_64-fedora-gcc | 0.1.0 | 152.37 | NOTE | |||
r-devel-windows-x86_64 | 0.1.0 | 10.00 | 93.00 | 103.00 | NOTE | |
r-patched-linux-x86_64 | 0.1.0 | 5.90 | 86.44 | 92.34 | NOTE | |
r-release-linux-x86_64 | 0.1.0 | 5.27 | 87.73 | 93.00 | NOTE | |
r-release-macos-arm64 | 0.1.0 | 46.00 | NOTE | |||
r-release-macos-x86_64 | 0.1.0 | 86.00 | NOTE | |||
r-release-windows-x86_64 | 0.1.0 | 12.00 | 95.00 | 107.00 | NOTE | |
r-oldrel-macos-arm64 | 0.1.0 | 46.00 | OK | |||
r-oldrel-macos-x86_64 | 0.1.0 | 62.00 | OK | |||
r-oldrel-windows-x86_64 | 0.1.0 | 14.00 | 117.00 | 131.00 | OK |
Version: 0.1.0
Check: DESCRIPTION meta-information
Result: NOTE
Missing dependency on R >= 4.1.0 because package code uses the pipe
|> or function shorthand \(...) syntax added in R 4.1.0.
File(s) using such syntax:
‘oes_plot.Rd’ ‘oes_prep.R’
Flavors: r-devel-linux-x86_64-debian-clang, r-devel-linux-x86_64-debian-gcc, r-devel-linux-x86_64-fedora-clang, r-devel-linux-x86_64-fedora-gcc, r-devel-windows-x86_64, r-patched-linux-x86_64, r-release-linux-x86_64, r-release-macos-arm64, r-release-windows-x86_64
Version: 0.1.0
Check: DESCRIPTION meta-information
Result: NOTE
Missing dependency on R >= 4.1.0 because package code uses the pipe
|> or function shorthand \(...) syntax added in R 4.1.0.
File(s) using such syntax:
‘oes_prep.R’
Flavor: r-release-macos-x86_64