Last updated on 2024-07-27 01:53:18 CEST.
Flavor | Version | Tinstall | Tcheck | Ttotal | Status | Flags |
---|---|---|---|---|---|---|
r-devel-linux-x86_64-debian-clang | 1.0.5 | 3.16 | 58.84 | 62.00 | OK | |
r-devel-linux-x86_64-debian-gcc | 1.0.5 | 2.27 | 44.89 | 47.16 | NOTE | |
r-devel-linux-x86_64-fedora-clang | 1.0.5 | 79.49 | OK | |||
r-devel-linux-x86_64-fedora-gcc | 1.0.5 | 74.49 | OK | |||
r-devel-windows-x86_64 | 1.0.5 | 4.00 | 68.00 | 72.00 | NOTE | |
r-patched-linux-x86_64 | 1.0.5 | OK | ||||
r-release-linux-x86_64 | 1.0.5 | 2.58 | 56.45 | 59.03 | OK | |
r-release-macos-arm64 | 1.0.5 | 26.00 | OK | |||
r-release-macos-x86_64 | 1.0.5 | 38.00 | OK | |||
r-release-windows-x86_64 | 1.0.5 | 4.00 | 66.00 | 70.00 | OK | |
r-oldrel-macos-arm64 | 1.0.5 | 30.00 | OK | |||
r-oldrel-macos-x86_64 | 1.0.5 | 61.00 | OK | |||
r-oldrel-windows-x86_64 | 1.0.5 | 5.00 | 80.00 | 85.00 | OK |
Version: 1.0.5
Check: Rd cross-references
Result: NOTE
Found the following Rd file(s) with Rd \link{} targets missing package
anchors:
center_l_function.Rd: Lest
estimate_o_ring.Rd: density.ppp, pcf
estimate_pcf_fast.Rd: Kest, pcf.fv
plot_quantums.Rd: envelope
rlabel_local.Rd: rlabel
simulate_antecedent_conditions.Rd: envelope
simulate_heterogenous_pattern.Rd: envelope, density.ppp
summarize_envelope.Rd: envelope
Please provide package anchors for all Rd \link{} targets not in the
package itself and the base packages.
Flavors: r-devel-linux-x86_64-debian-gcc, r-devel-windows-x86_64