Last updated on 2025-11-20 03:50:17 CET.
| Flavor | Version | Tinstall | Tcheck | Ttotal | Status | Flags |
|---|---|---|---|---|---|---|
| r-devel-linux-x86_64-debian-clang | 0.2-7 | 3.51 | 38.36 | 41.87 | OK | |
| r-devel-linux-x86_64-debian-gcc | 0.2-7 | 2.32 | 29.57 | 31.89 | OK | |
| r-devel-linux-x86_64-fedora-clang | 0.2-7 | 65.65 | OK | |||
| r-devel-linux-x86_64-fedora-gcc | 0.2-7 | 64.61 | OK | |||
| r-devel-windows-x86_64 | 0.2-7 | 5.00 | 51.00 | 56.00 | OK | |
| r-patched-linux-x86_64 | 0.2-7 | 3.01 | 36.81 | 39.82 | OK | |
| r-release-linux-x86_64 | 0.2-7 | 3.13 | 37.62 | 40.75 | OK | |
| r-release-macos-arm64 | 0.2-7 | OK | ||||
| r-release-macos-x86_64 | 0.2-7 | 3.00 | 34.00 | 37.00 | OK | |
| r-release-windows-x86_64 | 0.2-7 | 5.00 | 51.00 | 56.00 | OK | |
| r-oldrel-macos-arm64 | 0.2-7 | NOTE | ||||
| r-oldrel-macos-x86_64 | 0.2-7 | 3.00 | 29.00 | 32.00 | NOTE | |
| r-oldrel-windows-x86_64 | 0.2-7 | 6.00 | 59.00 | 65.00 | NOTE |
Version: 0.2-7
Check: package dependencies
Result: NOTE
Package suggested but not available for checking: ‘openNLPmodels.en’
Flavors: r-oldrel-macos-arm64, r-oldrel-macos-x86_64, r-oldrel-windows-x86_64