Last updated on 2024-07-27 01:53:18 CEST.
Flavor | Version | Tinstall | Tcheck | Ttotal | Status | Flags |
---|---|---|---|---|---|---|
r-devel-linux-x86_64-debian-clang | 2.18-2 | 49.22 | 262.25 | 311.47 | OK | |
r-devel-linux-x86_64-debian-gcc | 2.18-2 | 38.61 | 190.99 | 229.60 | NOTE | |
r-devel-linux-x86_64-fedora-clang | 2.18-2 | 392.39 | OK | |||
r-devel-linux-x86_64-fedora-gcc | 2.18-2 | 361.62 | OK | |||
r-devel-windows-x86_64 | 2.18-2 | 43.00 | 231.00 | 274.00 | NOTE | |
r-patched-linux-x86_64 | 2.18-2 | OK | ||||
r-release-linux-x86_64 | 2.18-2 | 44.54 | 247.26 | 291.80 | OK | |
r-release-macos-arm64 | 2.18-2 | 94.00 | OK | |||
r-release-macos-x86_64 | 2.18-2 | 163.00 | OK | |||
r-release-windows-x86_64 | 2.18-2 | 48.00 | 230.00 | 278.00 | OK | |
r-oldrel-macos-arm64 | 2.18-2 | 96.00 | OK | |||
r-oldrel-macos-x86_64 | 2.18-2 | 193.00 | OK | |||
r-oldrel-windows-x86_64 | 2.18-2 | 57.00 | 288.00 | 345.00 | OK |
Version: 2.18-2
Check: Rd cross-references
Result: NOTE
Found the following Rd file(s) with Rd \link{} targets missing package
anchors:
drawOpenKey.Rd: draw.colorkey
smoothTrend.Rd: gam
Please provide package anchors for all Rd \link{} targets not in the
package itself and the base packages.
Flavors: r-devel-linux-x86_64-debian-gcc, r-devel-windows-x86_64