Last updated on 2025-05-06 02:50:26 CEST.
Flavor | Version | Tinstall | Tcheck | Ttotal | Status | Flags |
---|---|---|---|---|---|---|
r-devel-linux-x86_64-debian-clang | 0.2.0 | 1.71 | 27.67 | 29.38 | OK | |
r-devel-linux-x86_64-debian-gcc | 0.2.0 | 1.55 | 22.56 | 24.11 | OK | |
r-devel-linux-x86_64-fedora-clang | 0.2.0 | 48.26 | NOTE | |||
r-devel-linux-x86_64-fedora-gcc | 0.2.0 | 60.16 | NOTE | |||
r-devel-windows-x86_64 | 0.2.0 | 3.00 | 52.00 | 55.00 | OK | |
r-patched-linux-x86_64 | 0.2.0 | 1.94 | 25.82 | 27.76 | OK | |
r-release-linux-x86_64 | 0.2.0 | 1.39 | 26.10 | 27.49 | OK | |
r-release-macos-arm64 | 0.2.0 | 72.00 | OK | |||
r-release-macos-x86_64 | 0.2.0 | 90.00 | OK | |||
r-release-windows-x86_64 | 0.2.0 | 4.00 | 55.00 | 59.00 | OK | |
r-oldrel-macos-arm64 | 0.2.0 | 61.00 | OK | |||
r-oldrel-macos-x86_64 | 0.2.0 | 86.00 | OK | |||
r-oldrel-windows-x86_64 | 0.2.0 | 5.00 | 57.00 | 62.00 | OK |
Version: 0.2.0
Check: dependencies in R code
Result: NOTE
Namespaces in Imports field not imported from:
‘RSQLite’ ‘rlang’ ‘tidyr’
All declared Imports should be used.
Flavors: r-devel-linux-x86_64-fedora-clang, r-devel-linux-x86_64-fedora-gcc