CRAN Package Check Results for Package openappr

Last updated on 2025-11-13 02:52:26 CET.

Flavor Version Tinstall Tcheck Ttotal Status Flags
r-devel-linux-x86_64-debian-clang 0.2.0 1.86 29.25 31.11 OK
r-devel-linux-x86_64-debian-gcc 0.2.0 1.51 24.64 26.15 OK
r-devel-linux-x86_64-fedora-clang 0.2.0 48.43 NOTE
r-devel-linux-x86_64-fedora-gcc 0.2.0 58.36 NOTE
r-devel-windows-x86_64 0.2.0 3.00 50.00 53.00 OK
r-patched-linux-x86_64 0.2.0 1.85 27.01 28.86 OK
r-release-linux-x86_64 0.2.0 1.54 26.97 28.51 OK
r-release-macos-arm64 0.2.0 1.00 71.00 72.00 OK
r-release-macos-x86_64 0.2.0 2.00 88.00 90.00 OK
r-release-windows-x86_64 0.2.0 4.00 50.00 54.00 OK
r-oldrel-macos-arm64 0.2.0 1.00 60.00 61.00 OK
r-oldrel-macos-x86_64 0.2.0 2.00 84.00 86.00 OK
r-oldrel-windows-x86_64 0.2.0 6.00 57.00 63.00 OK

Check Details

Version: 0.2.0
Check: dependencies in R code
Result: NOTE Namespaces in Imports field not imported from: ‘RSQLite’ ‘rlang’ ‘tidyr’ All declared Imports should be used. Flavors: r-devel-linux-x86_64-fedora-clang, r-devel-linux-x86_64-fedora-gcc