Last updated on 2025-05-24 01:51:29 CEST.
Flavor | Version | Tinstall | Tcheck | Ttotal | Status | Flags |
---|---|---|---|---|---|---|
r-devel-linux-x86_64-debian-clang | 2.0.9 | 109.51 | 234.84 | 344.35 | OK | |
r-devel-linux-x86_64-debian-gcc | 2.0.9 | 84.77 | 177.08 | 261.85 | OK | |
r-devel-linux-x86_64-fedora-clang | 2.0.9 | 603.88 | OK | |||
r-devel-linux-x86_64-fedora-gcc | 2.0.9 | 581.35 | OK | |||
r-devel-windows-x86_64 | 2.0.9 | 126.00 | 254.00 | 380.00 | OK | |
r-patched-linux-x86_64 | 2.0.9 | 113.01 | 223.56 | 336.57 | OK | |
r-release-linux-x86_64 | 2.0.9 | 104.31 | 220.87 | 325.18 | OK | |
r-release-macos-arm64 | 2.0.9 | 159.00 | OK | |||
r-release-macos-x86_64 | 2.0.9 | 249.00 | OK | |||
r-release-windows-x86_64 | 2.0.9 | 127.00 | 252.00 | 379.00 | OK | |
r-oldrel-macos-arm64 | 2.0.9 | 182.00 | NOTE | |||
r-oldrel-macos-x86_64 | 2.0.9 | 355.00 | NOTE | |||
r-oldrel-windows-x86_64 | 2.0.9 | 155.00 | 321.00 | 476.00 | OK |
Version: 2.0.9
Check: installed package size
Result: NOTE
installed size is 6.0Mb
sub-directories of 1Mb or more:
extdata 1.8Mb
libs 3.1Mb
Flavors: r-oldrel-macos-arm64, r-oldrel-macos-x86_64