Last updated on 2025-05-07 01:50:05 CEST.
Flavor | Version | Tinstall | Tcheck | Ttotal | Status | Flags |
---|---|---|---|---|---|---|
r-devel-linux-x86_64-debian-clang | 1.7.1 | 4.20 | 65.52 | 69.72 | NOTE | |
r-devel-linux-x86_64-debian-gcc | 1.7.1 | 2.56 | 40.19 | 42.75 | NOTE | |
r-devel-linux-x86_64-fedora-clang | 1.7.1 | 114.48 | NOTE | |||
r-devel-linux-x86_64-fedora-gcc | 1.7.1 | 108.95 | NOTE | |||
r-devel-windows-x86_64 | 1.7.1 | 4.00 | 70.00 | 74.00 | NOTE | |
r-patched-linux-x86_64 | 1.7.1 | 4.14 | 59.87 | 64.01 | NOTE | |
r-release-linux-x86_64 | 1.7.1 | 3.45 | 61.06 | 64.51 | NOTE | |
r-release-macos-arm64 | 1.7.1 | 27.00 | NOTE | |||
r-release-macos-x86_64 | 1.7.1 | 61.00 | NOTE | |||
r-release-windows-x86_64 | 1.7.1 | 6.00 | 77.00 | 83.00 | NOTE | |
r-oldrel-macos-arm64 | 1.7.1 | 28.00 | NOTE | |||
r-oldrel-macos-x86_64 | 1.7.1 | 40.00 | NOTE | |||
r-oldrel-windows-x86_64 | 1.7.1 | 5.00 | 68.00 | 73.00 | NOTE |
Version: 1.7.1
Check: Rd files
Result: NOTE
checkRd: (-1) drawdesign.Rd:39: Lost braces in \itemize; meant \describe ?
checkRd: (-1) drawdesign.Rd:40: Lost braces in \itemize; meant \describe ?
checkRd: (-1) drawdesign.Rd:41: Lost braces in \itemize; meant \describe ?
checkRd: (-1) drawdesign.Rd:42: Lost braces in \itemize; meant \describe ?
checkRd: (-1) drawdesign.Rd:43: Lost braces in \itemize; meant \describe ?
checkRd: (-1) drawdesign.Rd:44: Lost braces in \itemize; meant \describe ?
Flavors: r-devel-linux-x86_64-debian-clang, r-devel-linux-x86_64-debian-gcc, r-devel-linux-x86_64-fedora-clang, r-devel-linux-x86_64-fedora-gcc, r-devel-windows-x86_64, r-patched-linux-x86_64, r-release-linux-x86_64, r-release-macos-arm64, r-release-macos-x86_64, r-release-windows-x86_64, r-oldrel-macos-arm64, r-oldrel-macos-x86_64, r-oldrel-windows-x86_64