CRAN Package Check Results for Package optimStrat

Last updated on 2025-11-13 01:50:28 CET.

Flavor Version Tinstall Tcheck Ttotal Status Flags
r-devel-linux-x86_64-debian-clang 2.4 3.91 37.21 41.12 NOTE
r-devel-linux-x86_64-debian-gcc 2.4 3.06 28.04 31.10 NOTE
r-devel-linux-x86_64-fedora-clang 2.4 61.95 OK
r-devel-linux-x86_64-fedora-gcc 2.4 61.68 OK
r-devel-windows-x86_64 2.4 7.00 54.00 61.00 OK
r-patched-linux-x86_64 2.4 4.42 35.11 39.53 OK
r-release-linux-x86_64 2.4 3.44 35.52 38.96 OK
r-release-macos-arm64 2.4 2.00 22.00 24.00 OK
r-release-macos-x86_64 2.4 4.00 38.00 42.00 OK
r-release-windows-x86_64 2.4 7.00 54.00 61.00 OK
r-oldrel-macos-arm64 2.4 2.00 17.00 19.00 OK
r-oldrel-macos-x86_64 2.4 3.00 29.00 32.00 OK
r-oldrel-windows-x86_64 2.4 8.00 64.00 72.00 OK

Check Details

Version: 2.4
Check: CRAN incoming feasibility
Result: NOTE Maintainer: ‘Edgar Bueno <edgar.bueno@stat.su.se>’ No Authors@R field in DESCRIPTION. Please add one, modifying Authors@R: person(given = "Edgar", family = "Bueno", role = c("aut", "cre"), email = "edgar.bueno@stat.su.se") as necessary. Flavors: r-devel-linux-x86_64-debian-clang, r-devel-linux-x86_64-debian-gcc