Last updated on 2024-07-27 01:53:18 CEST.
Flavor | Version | Tinstall | Tcheck | Ttotal | Status | Flags |
---|---|---|---|---|---|---|
r-devel-linux-x86_64-debian-clang | 0.10.7 | 37.15 | 261.10 | 298.25 | NOTE | |
r-devel-linux-x86_64-debian-gcc | 0.10.7 | 31.36 | 193.35 | 224.71 | NOTE | |
r-devel-linux-x86_64-fedora-clang | 0.10.7 | 420.78 | NOTE | |||
r-devel-linux-x86_64-fedora-gcc | 0.10.7 | 388.09 | NOTE | |||
r-devel-windows-x86_64 | 0.10.7 | 41.00 | 212.00 | 253.00 | NOTE | |
r-patched-linux-x86_64 | 0.10.7 | NOTE | ||||
r-release-linux-x86_64 | 0.10.7 | 39.82 | 250.03 | 289.85 | NOTE | |
r-release-macos-arm64 | 0.10.7 | 110.00 | NOTE | |||
r-release-macos-x86_64 | 0.10.7 | 172.00 | NOTE | |||
r-release-windows-x86_64 | 0.10.7 | 51.00 | 211.00 | 262.00 | NOTE | |
r-oldrel-macos-arm64 | 0.10.7 | 250.00 | NOTE | |||
r-oldrel-macos-x86_64 | 0.10.7 | 379.00 | NOTE | |||
r-oldrel-windows-x86_64 | 0.10.7 | 50.00 | 279.00 | 329.00 | NOTE |
Version: 0.10.7
Check: package dependencies
Result: NOTE
Package suggested but not available for checking: ‘rrelaxiv’
Flavors: r-devel-linux-x86_64-debian-clang, r-devel-linux-x86_64-debian-gcc, r-devel-linux-x86_64-fedora-clang, r-devel-linux-x86_64-fedora-gcc, r-devel-windows-x86_64, r-patched-linux-x86_64, r-release-linux-x86_64, r-release-macos-arm64, r-release-macos-x86_64, r-release-windows-x86_64, r-oldrel-macos-arm64, r-oldrel-macos-x86_64, r-oldrel-windows-x86_64