Last updated on 2024-07-27 01:53:18 CEST.
Flavor | Version | Tinstall | Tcheck | Ttotal | Status | Flags |
---|---|---|---|---|---|---|
r-devel-linux-x86_64-debian-clang | 3.0-3 | 15.93 | 105.17 | 121.10 | OK | |
r-devel-linux-x86_64-debian-gcc | 3.0-3 | 11.02 | 78.35 | 89.37 | NOTE | |
r-devel-linux-x86_64-fedora-clang | 3.0-3 | 156.93 | NOTE | |||
r-devel-linux-x86_64-fedora-gcc | 3.0-3 | 138.66 | NOTE | |||
r-devel-windows-x86_64 | 3.0-3 | 20.00 | 108.00 | 128.00 | NOTE | |
r-patched-linux-x86_64 | 3.0-3 | OK | ||||
r-release-linux-x86_64 | 3.0-3 | 12.50 | 100.13 | 112.63 | OK | |
r-release-macos-arm64 | 3.0-3 | 54.00 | OK | |||
r-release-macos-x86_64 | 3.0-3 | 72.00 | OK | |||
r-release-windows-x86_64 | 3.0-3 | 18.00 | 107.00 | 125.00 | OK | |
r-oldrel-macos-arm64 | 3.0-3 | 57.00 | OK | |||
r-oldrel-macos-x86_64 | 3.0-3 | 81.00 | OK | |||
r-oldrel-windows-x86_64 | 3.0-3 | 24.00 | 126.00 | 150.00 | OK |
Version: 3.0-3
Check: Rd cross-references
Result: NOTE
Found the following Rd file(s) with Rd \link{} targets missing package
anchors:
optpart.Rd: dsvdis, pam, diana
partana.Rd: dsvdis, pam, diana
partition.Rd: silhouette
testpart.Rd: silhouette
Please provide package anchors for all Rd \link{} targets not in the
package itself and the base packages.
Flavors: r-devel-linux-x86_64-debian-gcc, r-devel-windows-x86_64
Version: 3.0-3
Check: Rd cross-references
Result: NOTE
Undeclared package ‘vegan’ in Rd xrefs
Flavor: r-devel-linux-x86_64-fedora-clang
Version: 3.0-3
Check: compiled code
Result: NOTE
File ‘optpart/libs/optpart.so’:
Found no calls to: ‘R_registerRoutines’, ‘R_useDynamicSymbols’
It is good practice to register native routines and to disable symbol
search.
See ‘Writing portable packages’ in the ‘Writing R Extensions’ manual.
Flavors: r-devel-linux-x86_64-fedora-clang, r-devel-linux-x86_64-fedora-gcc