Last updated on 2024-07-27 01:53:18 CEST.
Flavor | Version | Tinstall | Tcheck | Ttotal | Status | Flags |
---|---|---|---|---|---|---|
r-devel-linux-x86_64-debian-clang | 0.5.1 | 7.44 | 100.88 | 108.32 | OK | |
r-devel-linux-x86_64-debian-gcc | 0.5.1 | 5.36 | 79.14 | 84.50 | OK | |
r-devel-linux-x86_64-fedora-clang | 0.5.1 | 134.87 | NOTE | |||
r-devel-linux-x86_64-fedora-gcc | 0.5.1 | 142.51 | NOTE | |||
r-devel-windows-x86_64 | 0.5.1 | 8.00 | 106.00 | 114.00 | NOTE | |
r-patched-linux-x86_64 | 0.5.1 | OK | ||||
r-release-linux-x86_64 | 0.5.1 | 5.77 | 98.61 | 104.38 | OK | |
r-release-macos-arm64 | 0.5.1 | 55.00 | NOTE | |||
r-release-macos-x86_64 | 0.5.1 | 80.00 | NOTE | |||
r-release-windows-x86_64 | 0.5.1 | 7.00 | 106.00 | 113.00 | NOTE | |
r-oldrel-macos-arm64 | 0.5.1 | 67.00 | NOTE | |||
r-oldrel-macos-x86_64 | 0.5.1 | 89.00 | NOTE | |||
r-oldrel-windows-x86_64 | 0.5.1 | 10.00 | 129.00 | 139.00 | NOTE |
Version: 0.5.1
Check: installed package size
Result: NOTE
installed size is 5.2Mb
sub-directories of 1Mb or more:
data 3.5Mb
help 1.1Mb
Flavors: r-devel-linux-x86_64-fedora-clang, r-devel-windows-x86_64, r-release-macos-arm64, r-release-macos-x86_64, r-release-windows-x86_64, r-oldrel-macos-arm64, r-oldrel-macos-x86_64, r-oldrel-windows-x86_64
Version: 0.5.1
Check: data for non-ASCII characters
Result: NOTE
Note: found 35 marked UTF-8 strings
Flavors: r-devel-linux-x86_64-fedora-clang, r-devel-linux-x86_64-fedora-gcc