Last updated on 2025-11-02 02:50:51 CET.
| Flavor | Version | Tinstall | Tcheck | Ttotal | Status | Flags |
|---|---|---|---|---|---|---|
| r-devel-linux-x86_64-debian-clang | 1.0.1.1 | 3.42 | 30.26 | 33.68 | OK | |
| r-devel-linux-x86_64-debian-gcc | 1.0.1.1 | 2.22 | 23.64 | 25.86 | OK | |
| r-devel-linux-x86_64-fedora-clang | 1.0.1.1 | 50.53 | OK | |||
| r-devel-linux-x86_64-fedora-gcc | 1.0.1.1 | 48.30 | OK | |||
| r-devel-windows-x86_64 | 1.0.1.1 | 4.00 | 48.00 | 52.00 | OK | |
| r-patched-linux-x86_64 | 1.0.1.1 | 3.26 | 28.41 | 31.67 | OK | |
| r-release-linux-x86_64 | 1.0.1.1 | 3.05 | 28.62 | 31.67 | OK | |
| r-release-macos-arm64 | 1.0.1.1 | 2.00 | 18.00 | 20.00 | OK | |
| r-release-macos-x86_64 | 1.0.1.1 | 3.00 | 28.00 | 31.00 | OK | |
| r-release-windows-x86_64 | 1.0.1.1 | 4.00 | 47.00 | 51.00 | OK | |
| r-oldrel-macos-arm64 | 1.0.1.1 | 2.00 | 18.00 | 20.00 | NOTE | |
| r-oldrel-macos-x86_64 | 1.0.1.1 | 3.00 | 24.00 | 27.00 | NOTE | |
| r-oldrel-windows-x86_64 | 1.0.1.1 | 6.00 | 57.00 | 63.00 | NOTE |
Version: 1.0.1.1
Check: LazyData
Result: NOTE
'LazyData' is specified without a 'data' directory
Flavors: r-oldrel-macos-arm64, r-oldrel-macos-x86_64, r-oldrel-windows-x86_64