Last updated on 2024-07-27 01:53:19 CEST.
Flavor | Version | Tinstall | Tcheck | Ttotal | Status | Flags |
---|---|---|---|---|---|---|
r-devel-linux-x86_64-debian-clang | 1.1.1 | 82.11 | 50.00 | 132.11 | OK | |
r-devel-linux-x86_64-debian-gcc | 1.1.1 | 53.59 | 36.94 | 90.53 | NOTE | |
r-devel-linux-x86_64-fedora-clang | 1.1.1 | 236.44 | OK | |||
r-devel-linux-x86_64-fedora-gcc | 1.1.1 | 208.32 | OK | |||
r-devel-windows-x86_64 | 1.1.1 | 66.00 | 81.00 | 147.00 | NOTE | |
r-patched-linux-x86_64 | 1.1.1 | OK | ||||
r-release-linux-x86_64 | 1.1.1 | 68.13 | 48.57 | 116.70 | OK | |
r-release-macos-arm64 | 1.1.1 | 50.00 | OK | |||
r-release-macos-x86_64 | 1.1.1 | 60.00 | OK | |||
r-release-windows-x86_64 | 1.1.1 | 82.00 | 78.00 | 160.00 | NOTE | |
r-oldrel-macos-arm64 | 1.1.1 | 57.00 | OK | |||
r-oldrel-macos-x86_64 | 1.1.1 | 98.00 | OK | |||
r-oldrel-windows-x86_64 | 1.1.1 | 77.00 | 87.00 | 164.00 | NOTE |
Version: 1.1.1
Check: Rd cross-references
Result: NOTE
Found the following Rd file(s) with Rd \link{} targets missing package
anchors:
pARIbrain.Rd: cluster_threshold, rowRanks
permTest.Rd: rowRanks
plotNullDistribution.Rd: rowRanks
signTest.Rd: rowRanks
Please provide package anchors for all Rd \link{} targets not in the
package itself and the base packages.
Flavors: r-devel-linux-x86_64-debian-gcc, r-devel-windows-x86_64
Version: 1.1.1
Check: C++ specification
Result: NOTE
Specified C++11: please drop specification unless essential
Flavors: r-devel-windows-x86_64, r-release-windows-x86_64, r-oldrel-windows-x86_64