Last updated on 2025-05-25 01:49:51 CEST.
Flavor | Version | Tinstall | Tcheck | Ttotal | Status | Flags |
---|---|---|---|---|---|---|
r-devel-linux-x86_64-debian-clang | 1.0.12 | 113.74 | 122.85 | 236.59 | OK | |
r-devel-linux-x86_64-debian-gcc | 1.0.12 | 84.23 | 86.53 | 170.76 | OK | |
r-devel-windows-x86_64 | 1.0.12 | 130.00 | 158.00 | 288.00 | OK | |
r-patched-linux-x86_64 | 1.0.12 | 116.18 | 112.40 | 228.58 | OK | |
r-release-linux-x86_64 | 1.0.12 | 109.82 | 112.30 | 222.12 | OK | |
r-release-macos-arm64 | 1.0.12 | 86.00 | OK | |||
r-release-macos-x86_64 | 1.0.12 | 148.00 | OK | |||
r-release-windows-x86_64 | 1.0.12 | 127.00 | 148.00 | 275.00 | OK | |
r-oldrel-macos-arm64 | 1.0.12 | 95.00 | NOTE | |||
r-oldrel-macos-x86_64 | 1.0.12 | 105.00 | NOTE | |||
r-oldrel-windows-x86_64 | 1.0.12 | 162.00 | 186.00 | 348.00 | OK |
Version: 1.0.12
Check: package dependencies
Result: NOTE
Packages suggested but not available for checking:
'org.Dr.eg.db', 'org.Mm.eg.db'
Flavor: r-oldrel-macos-arm64
Version: 1.0.12
Check: installed package size
Result: NOTE
installed size is 6.8Mb
sub-directories of 1Mb or more:
libs 5.0Mb
Flavors: r-oldrel-macos-arm64, r-oldrel-macos-x86_64