Last updated on 2024-07-27 01:53:19 CEST.
Flavor | Version | Tinstall | Tcheck | Ttotal | Status | Flags |
---|---|---|---|---|---|---|
r-devel-linux-x86_64-debian-clang | 1.1 | 9.05 | 125.43 | 134.48 | OK | |
r-devel-linux-x86_64-debian-gcc | 1.1 | 6.46 | 88.97 | 95.43 | NOTE | |
r-devel-linux-x86_64-fedora-clang | 1.1 | 168.92 | OK | |||
r-devel-linux-x86_64-fedora-gcc | 1.1 | 149.40 | OK | |||
r-devel-windows-x86_64 | 1.1 | 9.00 | 177.00 | 186.00 | NOTE | |
r-patched-linux-x86_64 | 1.1 | OK | ||||
r-release-linux-x86_64 | 1.1 | 6.32 | 116.35 | 122.67 | OK | |
r-release-macos-arm64 | 1.1 | 61.00 | OK | |||
r-release-macos-x86_64 | 1.1 | 87.00 | OK | |||
r-release-windows-x86_64 | 1.1 | 8.00 | 170.00 | 178.00 | OK | |
r-oldrel-macos-arm64 | 1.1 | 65.00 | OK | |||
r-oldrel-macos-x86_64 | 1.1 | 100.00 | OK | |||
r-oldrel-windows-x86_64 | 1.1 | 10.00 | 214.00 | 224.00 | OK |
Version: 1.1
Check: Rd cross-references
Result: NOTE
Found the following Rd file(s) with Rd \link{} targets missing package
anchors:
mif2.Rd: mif2,pomp-method
panelPomp-package.Rd: pomp-package
panelPomp.Rd: pomp
pfilter.Rd: pfilter,pomp-method
Please provide package anchors for all Rd \link{} targets not in the
package itself and the base packages.
Flavors: r-devel-linux-x86_64-debian-gcc, r-devel-windows-x86_64