Last updated on 2024-07-27 01:53:19 CEST.
Flavor | Version | Tinstall | Tcheck | Ttotal | Status | Flags |
---|---|---|---|---|---|---|
r-devel-linux-x86_64-debian-clang | 0.5.5 | 15.65 | 126.98 | 142.63 | NOTE | |
r-devel-linux-x86_64-debian-gcc | 0.5.5 | 11.97 | 94.00 | 105.97 | NOTE | |
r-devel-linux-x86_64-fedora-clang | 0.5.5 | 178.29 | NOTE | |||
r-devel-linux-x86_64-fedora-gcc | 0.5.5 | 165.94 | NOTE | |||
r-devel-windows-x86_64 | 0.5.5 | 16.00 | 109.00 | 125.00 | NOTE | |
r-patched-linux-x86_64 | 0.5.5 | NOTE | ||||
r-release-linux-x86_64 | 0.5.5 | 14.33 | 119.26 | 133.59 | NOTE | |
r-release-macos-arm64 | 0.5.5 | 45.00 | OK | |||
r-release-macos-x86_64 | 0.5.5 | 79.00 | OK | |||
r-release-windows-x86_64 | 0.5.5 | 14.00 | 108.00 | 122.00 | NOTE | |
r-oldrel-macos-arm64 | 0.5.5 | 52.00 | OK | |||
r-oldrel-macos-x86_64 | 0.5.5 | 90.00 | OK | |||
r-oldrel-windows-x86_64 | 0.5.5 | 19.00 | 133.00 | 152.00 | OK |
Version: 0.5.5
Check: HTML version of manual
Result: NOTE
Found the following HTML validation problems:
pvargmm.html:141:282 (pvargmm.Rd:79): Warning: trimming empty <p>
Flavors: r-devel-linux-x86_64-debian-clang, r-devel-linux-x86_64-debian-gcc, r-devel-linux-x86_64-fedora-clang, r-devel-linux-x86_64-fedora-gcc, r-devel-windows-x86_64, r-patched-linux-x86_64, r-release-linux-x86_64, r-release-windows-x86_64