Last updated on 2024-07-27 01:53:19 CEST.
Flavor | Version | Tinstall | Tcheck | Ttotal | Status | Flags |
---|---|---|---|---|---|---|
r-devel-linux-x86_64-debian-clang | 0.2.6 | 61.50 | 125.02 | 186.52 | NOTE | |
r-devel-linux-x86_64-debian-gcc | 0.2.6 | 42.71 | 77.97 | 120.68 | NOTE | |
r-devel-linux-x86_64-fedora-clang | 0.2.6 | 304.66 | NOTE | |||
r-devel-linux-x86_64-fedora-gcc | 0.2.6 | 259.16 | NOTE | |||
r-devel-windows-x86_64 | 0.2.6 | 52.00 | 150.00 | 202.00 | NOTE | |
r-patched-linux-x86_64 | 0.2.6 | NOTE | ||||
r-release-linux-x86_64 | 0.2.6 | 56.22 | 106.52 | 162.74 | NOTE | |
r-release-macos-arm64 | 0.2.6 | 66.00 | NOTE | |||
r-release-macos-x86_64 | 0.2.6 | 94.00 | NOTE | |||
r-release-windows-x86_64 | 0.2.6 | 62.00 | 156.00 | 218.00 | NOTE | |
r-oldrel-macos-arm64 | 0.2.6 | 74.00 | NOTE | |||
r-oldrel-macos-x86_64 | 0.2.6 | 142.00 | NOTE | |||
r-oldrel-windows-x86_64 | 0.2.6 | 62.00 | 170.00 | 232.00 | NOTE |
Version: 0.2.6
Check: C++ specification
Result: NOTE
Specified C++11: please drop specification unless essential
Flavors: r-devel-linux-x86_64-debian-clang, r-devel-linux-x86_64-debian-gcc, r-devel-linux-x86_64-fedora-clang, r-devel-linux-x86_64-fedora-gcc, r-devel-windows-x86_64, r-patched-linux-x86_64, r-release-linux-x86_64, r-release-macos-arm64, r-release-macos-x86_64, r-release-windows-x86_64, r-oldrel-macos-arm64, r-oldrel-macos-x86_64, r-oldrel-windows-x86_64