Last updated on 2024-07-27 01:53:19 CEST.
Flavor | Version | Tinstall | Tcheck | Ttotal | Status | Flags |
---|---|---|---|---|---|---|
r-devel-linux-x86_64-debian-clang | 0.2.3 | 30.09 | 134.78 | 164.87 | NOTE | |
r-devel-linux-x86_64-debian-gcc | 0.2.3 | 19.33 | 104.44 | 123.77 | NOTE | |
r-devel-linux-x86_64-fedora-clang | 0.2.3 | 212.37 | NOTE | |||
r-devel-linux-x86_64-fedora-gcc | 0.2.3 | 205.98 | NOTE | |||
r-devel-windows-x86_64 | 0.2.3 | 26.00 | 113.00 | 139.00 | NOTE | |
r-patched-linux-x86_64 | 0.2.3 | NOTE | ||||
r-release-linux-x86_64 | 0.2.3 | 15.72 | 131.15 | 146.87 | NOTE | |
r-release-macos-arm64 | 0.2.3 | 56.00 | NOTE | |||
r-release-macos-x86_64 | 0.2.3 | 85.00 | NOTE | |||
r-release-windows-x86_64 | 0.2.3 | 25.00 | 113.00 | 138.00 | NOTE | |
r-oldrel-macos-arm64 | 0.2.3 | 57.00 | NOTE | |||
r-oldrel-macos-x86_64 | 0.2.3 | 92.00 | NOTE | |||
r-oldrel-windows-x86_64 | 0.2.3 | 30.00 | 140.00 | 170.00 | NOTE |
Version: 0.2.3
Check: C++ specification
Result: NOTE
Specified C++11: please drop specification unless essential
Flavors: r-devel-linux-x86_64-debian-clang, r-devel-linux-x86_64-debian-gcc, r-devel-linux-x86_64-fedora-clang, r-devel-linux-x86_64-fedora-gcc, r-devel-windows-x86_64, r-patched-linux-x86_64, r-release-linux-x86_64, r-release-macos-arm64, r-release-macos-x86_64, r-release-windows-x86_64, r-oldrel-macos-arm64, r-oldrel-macos-x86_64, r-oldrel-windows-x86_64
Version: 0.2.3
Check: compiled code
Result: NOTE
File ‘particles/libs/particles.so’:
Found non-API calls to R: ‘SETLENGTH’, ‘SET_GROWABLE_BIT’,
‘SET_TRUELENGTH’
Compiled code should not call non-API entry points in R.
See ‘Writing portable packages’ in the ‘Writing R Extensions’ manual,
and section ‘Moving into C API compliance’ for issues with the use of
non-API entry points.
Flavors: r-devel-linux-x86_64-debian-clang, r-devel-linux-x86_64-debian-gcc, r-devel-linux-x86_64-fedora-clang, r-devel-linux-x86_64-fedora-gcc
Version: 0.2.3
Check: compiled code
Result: NOTE
File 'particles/libs/x64/particles.dll':
Found non-API calls to R: 'SETLENGTH', 'SET_GROWABLE_BIT',
'SET_TRUELENGTH'
Compiled code should not call non-API entry points in R.
See 'Writing portable packages' in the 'Writing R Extensions' manual,
and section 'Moving into C API compliance' for issues with the use of
non-API entry points.
Flavor: r-devel-windows-x86_64