CRAN Package Check Results for Package partitionBEFsp

Last updated on 2025-05-25 02:50:14 CEST.

Flavor Version Tinstall Tcheck Ttotal Status Flags
r-devel-linux-x86_64-debian-clang 1.0 1.66 19.45 21.11 NOTE
r-devel-linux-x86_64-debian-gcc 1.0 1.23 15.61 16.84 NOTE
r-devel-linux-x86_64-fedora-clang 1.0 32.66 OK
r-devel-linux-x86_64-fedora-gcc 1.0 31.26 OK
r-devel-windows-x86_64 1.0 3.00 56.00 59.00 OK
r-patched-linux-x86_64 1.0 1.72 18.36 20.08 OK
r-release-linux-x86_64 1.0 1.69 18.55 20.24 OK
r-release-macos-arm64 1.0 19.00 OK
r-release-macos-x86_64 1.0 24.00 OK
r-release-windows-x86_64 1.0 3.00 52.00 55.00 OK
r-oldrel-macos-arm64 1.0 15.00 NOTE
r-oldrel-macos-x86_64 1.0 23.00 NOTE
r-oldrel-windows-x86_64 1.0 3.00 44.00 47.00 NOTE

Check Details

Version: 1.0
Check: CRAN incoming feasibility
Result: NOTE Maintainer: ‘Adam Clark <adam.tclark@gmail.com>’ No Authors@R field in DESCRIPTION. Please add one, modifying Authors@R: person(given = "Adam", family = "Clark", role = c("aut", "cre"), email = "adam.tclark@gmail.com") as necessary. Flavors: r-devel-linux-x86_64-debian-clang, r-devel-linux-x86_64-debian-gcc

Version: 1.0
Check: LazyData
Result: NOTE 'LazyData' is specified without a 'data' directory Flavors: r-oldrel-macos-arm64, r-oldrel-macos-x86_64, r-oldrel-windows-x86_64