Last updated on 2024-07-27 01:53:19 CEST.
Flavor | Version | Tinstall | Tcheck | Ttotal | Status | Flags |
---|---|---|---|---|---|---|
r-devel-linux-x86_64-debian-clang | 1.2.3 | 3.74 | 42.46 | 46.20 | OK | |
r-devel-linux-x86_64-debian-gcc | 1.2.3 | 3.32 | 31.80 | 35.12 | NOTE | |
r-devel-linux-x86_64-fedora-clang | 1.2.3 | 59.71 | OK | |||
r-devel-linux-x86_64-fedora-gcc | 1.2.3 | 55.76 | OK | |||
r-devel-windows-x86_64 | 1.2.3 | 5.00 | 58.00 | 63.00 | NOTE | |
r-patched-linux-x86_64 | 1.2.3 | OK | ||||
r-release-linux-x86_64 | 1.2.3 | 3.69 | 39.76 | 43.45 | OK | |
r-release-macos-arm64 | 1.2.3 | 20.00 | OK | |||
r-release-macos-x86_64 | 1.2.3 | 28.00 | OK | |||
r-release-windows-x86_64 | 1.2.3 | 4.00 | 57.00 | 61.00 | OK | |
r-oldrel-macos-arm64 | 1.2.3 | 28.00 | OK | |||
r-oldrel-macos-x86_64 | 1.2.3 | 59.00 | OK | |||
r-oldrel-windows-x86_64 | 1.2.3 | 4.00 | 63.00 | 67.00 | OK |
Version: 1.2.3
Check: Rd cross-references
Result: NOTE
Found the following Rd file(s) with Rd \link{} targets missing package
anchors:
gt1mAccFile.Rd: as.matrix.csr
gt3xAccFile.Rd: as.matrix.csr
Please provide package anchors for all Rd \link{} targets not in the
package itself and the base packages.
Flavors: r-devel-linux-x86_64-debian-gcc, r-devel-windows-x86_64