Last updated on 2025-02-19 01:50:58 CET.
Flavor | Version | Tinstall | Tcheck | Ttotal | Status | Flags |
---|---|---|---|---|---|---|
r-devel-linux-x86_64-debian-clang | 0.8.0 | 121.90 | 310.63 | 432.53 | OK | |
r-devel-linux-x86_64-debian-gcc | 0.8.0 | 71.15 | 203.76 | 274.91 | OK | |
r-devel-linux-x86_64-fedora-clang | 0.8.0 | 461.26 | OK | |||
r-devel-linux-x86_64-fedora-gcc | 0.8.0 | 634.62 | OK | |||
r-devel-macos-arm64 | 0.8.0 | 128.00 | OK | |||
r-devel-macos-x86_64 | 0.8.0 | 352.00 | OK | |||
r-devel-windows-x86_64 | 0.8.0 | 112.00 | 540.00 | 652.00 | OK | |
r-patched-linux-x86_64 | 0.8.0 | 141.59 | 289.37 | 430.96 | OK | |
r-release-linux-x86_64 | 0.8.0 | 115.46 | 284.92 | 400.38 | OK | |
r-release-macos-arm64 | 0.8.0 | 151.00 | NOTE | |||
r-release-macos-x86_64 | 0.8.0 | 378.00 | NOTE | |||
r-release-windows-x86_64 | 0.8.0 | 113.00 | 524.00 | 637.00 | NOTE | |
r-oldrel-macos-arm64 | 0.7.0 | 171.00 | NOTE | |||
r-oldrel-macos-x86_64 | 0.8.0 | 286.00 | NOTE | |||
r-oldrel-windows-x86_64 | 0.8.0 | 157.00 | 587.00 | 744.00 | NOTE |
Version: 0.8.0
Check: installed package size
Result: NOTE
installed size is 7.8Mb
sub-directories of 1Mb or more:
R 3.1Mb
help 4.4Mb
Flavors: r-release-macos-arm64, r-release-macos-x86_64, r-release-windows-x86_64, r-oldrel-macos-x86_64, r-oldrel-windows-x86_64
Version: 0.7.0
Check: installed package size
Result: NOTE
installed size is 7.3Mb
sub-directories of 1Mb or more:
R 3.1Mb
help 4.1Mb
Flavor: r-oldrel-macos-arm64