Last updated on 2025-02-19 01:50:58 CET.
Flavor | Version | Tinstall | Tcheck | Ttotal | Status | Flags |
---|---|---|---|---|---|---|
r-devel-linux-x86_64-debian-clang | 0.8.0 | 97.05 | 216.46 | 313.51 | OK | |
r-devel-linux-x86_64-debian-gcc | 0.8.0 | 54.12 | 146.18 | 200.30 | OK | |
r-devel-linux-x86_64-fedora-clang | 0.8.0 | 366.81 | OK | |||
r-devel-linux-x86_64-fedora-gcc | 0.8.0 | 468.51 | OK | |||
r-devel-macos-arm64 | 0.8.0 | 115.00 | OK | |||
r-devel-macos-x86_64 | 0.8.0 | 279.00 | OK | |||
r-devel-windows-x86_64 | 0.8.0 | 93.00 | 391.00 | 484.00 | OK | |
r-patched-linux-x86_64 | 0.8.0 | 111.86 | 202.64 | 314.50 | OK | |
r-release-linux-x86_64 | 0.8.0 | 96.38 | 202.40 | 298.78 | OK | |
r-release-macos-arm64 | 0.8.0 | 123.00 | NOTE | |||
r-release-macos-x86_64 | 0.8.0 | 298.00 | OK | |||
r-release-windows-x86_64 | 0.8.0 | 93.00 | 377.00 | 470.00 | OK | |
r-oldrel-macos-arm64 | 0.7.0 | 116.00 | OK | |||
r-oldrel-macos-x86_64 | 0.8.0 | 215.00 | NOTE | |||
r-oldrel-windows-x86_64 | 0.8.0 | 122.00 | 404.00 | 526.00 | OK |
Version: 0.8.0
Check: installed package size
Result: NOTE
installed size is 6.2Mb
sub-directories of 1Mb or more:
R 3.1Mb
help 3.0Mb
Flavors: r-release-macos-arm64, r-oldrel-macos-x86_64