Last updated on 2025-05-04 02:50:13 CEST.
Flavor | Version | Tinstall | Tcheck | Ttotal | Status | Flags |
---|---|---|---|---|---|---|
r-devel-linux-x86_64-debian-clang | 0.3-7 | 162.46 | 47.38 | 209.84 | OK | |
r-devel-linux-x86_64-debian-gcc | 0.3-7 | 105.33 | 40.34 | 145.67 | OK | |
r-devel-linux-x86_64-fedora-clang | 0.3-7 | 324.40 | OK | |||
r-devel-linux-x86_64-fedora-gcc | 0.3-7 | 384.36 | OK | |||
r-devel-windows-x86_64 | 0.3-7 | 237.00 | 85.00 | 322.00 | OK | |
r-patched-linux-x86_64 | 0.3-7 | 144.53 | 45.94 | 190.47 | OK | |
r-release-linux-x86_64 | OK | |||||
r-release-macos-arm64 | 0.3-7 | 5.00 | ERROR | |||
r-release-macos-x86_64 | 0.3-7 | 7.00 | ERROR | |||
r-release-windows-x86_64 | 0.3-7 | 263.00 | 80.00 | 343.00 | OK | |
r-oldrel-macos-arm64 | 0.3-7 | 10.00 | ERROR | |||
r-oldrel-macos-x86_64 | 0.3-7 | 12.00 | ERROR | |||
r-oldrel-windows-x86_64 | 0.3-7 | 274.00 | 89.00 | 363.00 | NOTE |
Version: 0.3-7
Check: package dependencies
Result: ERROR
Package required but not available: ‘pbdMPI’
See section ‘The DESCRIPTION file’ in the ‘Writing R Extensions’
manual.
Flavors: r-release-macos-arm64, r-release-macos-x86_64, r-oldrel-macos-arm64, r-oldrel-macos-x86_64
Version: 0.3-7
Check: installed package size
Result: NOTE
installed size is 5.6Mb
sub-directories of 1Mb or more:
lib 2.9Mb
libs 2.4Mb
Flavor: r-oldrel-windows-x86_64