Last updated on 2025-11-13 02:52:27 CET.
| Flavor | Version | Tinstall | Tcheck | Ttotal | Status | Flags |
|---|---|---|---|---|---|---|
| r-devel-linux-x86_64-debian-clang | 1.0 | 1.64 | 24.44 | 26.08 | OK | |
| r-devel-linux-x86_64-debian-gcc | 1.0 | 1.46 | 20.07 | 21.53 | OK | |
| r-devel-linux-x86_64-fedora-clang | 1.0 | 40.83 | OK | |||
| r-devel-linux-x86_64-fedora-gcc | 1.0 | 38.12 | OK | |||
| r-devel-windows-x86_64 | 1.0 | 5.00 | 49.00 | 54.00 | OK | |
| r-patched-linux-x86_64 | 1.0 | 1.94 | 22.88 | 24.82 | OK | |
| r-release-linux-x86_64 | 1.0 | 1.86 | 22.74 | 24.60 | OK | |
| r-release-macos-arm64 | 1.0 | 1.00 | 18.00 | 19.00 | OK | |
| r-release-macos-x86_64 | 1.0 | 2.00 | 25.00 | 27.00 | OK | |
| r-release-windows-x86_64 | 1.0 | 3.00 | 46.00 | 49.00 | OK | |
| r-oldrel-macos-arm64 | 1.0 | 1.00 | 16.00 | 17.00 | NOTE | |
| r-oldrel-macos-x86_64 | 1.0 | 1.00 | 23.00 | 24.00 | NOTE | |
| r-oldrel-windows-x86_64 | 1.0 | 3.00 | 51.00 | 54.00 | NOTE |
Version: 1.0
Check: package dependencies
Result: NOTE
Package suggested but not available for checking: ‘PythonInR’
Flavors: r-oldrel-macos-arm64, r-oldrel-macos-x86_64, r-oldrel-windows-x86_64