Last updated on 2025-11-16 01:49:24 CET.
| Flavor | Version | Tinstall | Tcheck | Ttotal | Status | Flags |
|---|---|---|---|---|---|---|
| r-devel-linux-x86_64-debian-clang | 1.2.0 | 49.62 | 174.96 | 224.58 | OK | |
| r-devel-linux-x86_64-debian-gcc | 1.2.0 | 36.74 | 123.61 | 160.35 | NOTE | |
| r-devel-linux-x86_64-fedora-clang | 1.2.0 | 119.00 | 211.37 | 330.37 | OK | |
| r-devel-linux-x86_64-fedora-gcc | 1.2.0 | 105.00 | 224.70 | 329.70 | OK | |
| r-devel-windows-x86_64 | 1.2.0 | 56.00 | 199.00 | 255.00 | OK | |
| r-patched-linux-x86_64 | 1.2.0 | 51.00 | 161.84 | 212.84 | OK | |
| r-release-linux-x86_64 | 1.2.0 | 50.55 | 160.85 | 211.40 | OK | |
| r-release-macos-arm64 | 1.2.0 | 28.00 | 53.00 | 81.00 | OK | |
| r-release-macos-x86_64 | 1.2.0 | 46.00 | 89.00 | 135.00 | OK | |
| r-release-windows-x86_64 | 1.2.0 | 54.00 | 186.00 | 240.00 | OK | |
| r-oldrel-macos-arm64 | 1.2.0 | 28.00 | 68.00 | 96.00 | OK | |
| r-oldrel-macos-x86_64 | 1.2.0 | 36.00 | 92.00 | 128.00 | OK | |
| r-oldrel-windows-x86_64 | 1.2.0 | 73.00 | 236.00 | 309.00 | OK |
Version: 1.2.0
Check: CRAN incoming feasibility
Result: NOTE
Maintainer: ‘Steve Miller <steven.v.miller@gmail.com>’
The BugReports field in DESCRIPTION has
https://github.com/svmiller/peacesciencer/issues/
which should likely be
https://github.com/svmiller/peacesciencer/issues/issues
instead.
Flavor: r-devel-linux-x86_64-debian-gcc