Last updated on 2025-05-24 01:51:29 CEST.
Flavor | Version | Tinstall | Tcheck | Ttotal | Status | Flags |
---|---|---|---|---|---|---|
r-devel-linux-x86_64-debian-clang | 0.5.0 | 4.88 | 69.17 | 74.05 | NOTE | |
r-devel-linux-x86_64-debian-gcc | 0.5.0 | 4.36 | 53.40 | 57.76 | NOTE | |
r-devel-linux-x86_64-fedora-clang | 0.5.0 | 118.50 | OK | |||
r-devel-linux-x86_64-fedora-gcc | 0.5.0 | 130.76 | OK | |||
r-devel-windows-x86_64 | 0.5.0 | 10.00 | 151.00 | 161.00 | OK | |
r-patched-linux-x86_64 | 0.5.0 | 6.38 | 64.61 | 70.99 | OK | |
r-release-linux-x86_64 | 0.5.0 | 5.45 | 65.18 | 70.63 | OK | |
r-release-macos-arm64 | 0.5.0 | 59.00 | OK | |||
r-release-macos-x86_64 | 0.5.0 | 91.00 | OK | |||
r-release-windows-x86_64 | 0.5.0 | 9.00 | 151.00 | 160.00 | OK | |
r-oldrel-macos-arm64 | 0.5.0 | 46.00 | OK | |||
r-oldrel-macos-x86_64 | 0.5.0 | 68.00 | OK | |||
r-oldrel-windows-x86_64 | 0.5.0 | 10.00 | 112.00 | 122.00 | OK |
Version: 0.5.0
Check: CRAN incoming feasibility
Result: NOTE
Maintainer: ‘Nathan Sheffield <nathan@code.databio.org>’
The BugReports field in DESCRIPTION has
https://github.com/pepkit/pepr
which should likely be
https://github.com/pepkit/pepr/issues
instead.
Flavors: r-devel-linux-x86_64-debian-clang, r-devel-linux-x86_64-debian-gcc