Last updated on 2024-07-27 01:53:19 CEST.
Flavor | Version | Tinstall | Tcheck | Ttotal | Status | Flags |
---|---|---|---|---|---|---|
r-devel-linux-x86_64-debian-clang | 1.7-0 | 10.96 | 79.21 | 90.17 | NOTE | |
r-devel-linux-x86_64-debian-gcc | 1.7-0 | 8.21 | 60.57 | 68.78 | NOTE | |
r-devel-linux-x86_64-fedora-clang | 1.7-0 | 117.19 | NOTE | |||
r-devel-linux-x86_64-fedora-gcc | 1.7-0 | 107.12 | NOTE | |||
r-devel-windows-x86_64 | 1.7-0 | 13.00 | 82.00 | 95.00 | NOTE | |
r-patched-linux-x86_64 | 1.7-0 | NOTE | ||||
r-release-linux-x86_64 | 1.7-0 | 9.72 | 77.62 | 87.34 | NOTE | |
r-release-macos-arm64 | 1.7-0 | 35.00 | NOTE | |||
r-release-macos-x86_64 | 1.7-0 | 54.00 | NOTE | |||
r-release-windows-x86_64 | 1.7-0 | 12.00 | 81.00 | 93.00 | NOTE | |
r-oldrel-macos-arm64 | 1.7-0 | 42.00 | NOTE | |||
r-oldrel-macos-x86_64 | 1.7-0 | 62.00 | NOTE | |||
r-oldrel-windows-x86_64 | 1.7-0 | 15.00 | 92.00 | 107.00 | NOTE |
Version: 1.7-0
Check: Rd files
Result: NOTE
checkRd: (-1) connectedSets.Rd:27: Escaped LaTeX specials: \_ \_
checkRd: (-1) connectedSets.Rd:29: Escaped LaTeX specials: \_ \_
checkRd: (-1) connectedSets.Rd:31: Escaped LaTeX specials: \_ \_
checkRd: (-1) maxConnectedSet.Rd:35: Escaped LaTeX specials: \_ \_ \_ \_ \_ \_ \_ \_
checkRd: (-1) maxConnectedSet.Rd:37: Escaped LaTeX specials: \_ \_ \_ \_ \_ \_ \_ \_ \_ \_
checkRd: (-1) maxConnectedSet.Rd:39: Escaped LaTeX specials: \_ \_ \_ \_ \_ \_ \_ \_ \_ \_
checkRd: (-1) maxConnectedSet.Rd:41: Escaped LaTeX specials: \_ \_ \_ \_ \_ \_ \_ \_ \_ \_
checkRd: (-1) maxConnectedSet.Rd:45: Escaped LaTeX specials: \_ \_ \_ \_ \_ \_ \_ \_ \_ \_
checkRd: (-1) maxConnectedSet.Rd:47: Escaped LaTeX specials: \_ \_
Flavors: r-devel-linux-x86_64-debian-clang, r-devel-linux-x86_64-debian-gcc, r-devel-linux-x86_64-fedora-clang, r-devel-linux-x86_64-fedora-gcc, r-devel-windows-x86_64, r-patched-linux-x86_64, r-release-linux-x86_64, r-release-macos-arm64, r-release-macos-x86_64, r-release-windows-x86_64, r-oldrel-macos-arm64, r-oldrel-macos-x86_64, r-oldrel-windows-x86_64