Last updated on 2025-02-16 01:49:49 CET.
Flavor | Version | Tinstall | Tcheck | Ttotal | Status | Flags |
---|---|---|---|---|---|---|
r-devel-linux-x86_64-debian-clang | 0.1.0 | 29.78 | 146.88 | 176.66 | NOTE | |
r-devel-linux-x86_64-debian-gcc | 0.1.0 | 23.36 | 106.85 | 130.21 | NOTE | |
r-devel-linux-x86_64-fedora-clang | 0.1.0 | 357.03 | NOTE | |||
r-devel-linux-x86_64-fedora-gcc | 0.1.0 | 409.72 | NOTE | |||
r-devel-macos-arm64 | 0.1.0 | 151.00 | OK | |||
r-devel-macos-x86_64 | 0.1.0 | 365.00 | NOTE | |||
r-devel-windows-x86_64 | 0.1.0 | 34.00 | 281.00 | 315.00 | NOTE | |
r-patched-linux-x86_64 | 0.1.0 | 27.05 | 139.24 | 166.29 | OK | |
r-release-linux-x86_64 | 0.1.0 | 31.51 | 140.91 | 172.42 | OK | |
r-release-macos-arm64 | 0.1.0 | 140.00 | NOTE | |||
r-release-macos-x86_64 | 0.1.0 | 243.00 | NOTE | |||
r-release-windows-x86_64 | 0.1.0 | 33.00 | 274.00 | 307.00 | NOTE | |
r-oldrel-macos-arm64 | 0.1.0 | 146.00 | NOTE | |||
r-oldrel-macos-x86_64 | 0.1.0 | 265.00 | NOTE | |||
r-oldrel-windows-x86_64 | 0.1.0 | 41.00 | 263.00 | 304.00 | NOTE |
Version: 0.1.0
Check: DESCRIPTION meta-information
Result: NOTE
Missing dependency on R >= 4.2.0 because package code uses the pipe
placeholder syntax added in R 4.2.0.
File(s) using such syntax:
‘kmers.R’
Flavors: r-devel-linux-x86_64-debian-clang, r-devel-linux-x86_64-debian-gcc, r-devel-linux-x86_64-fedora-clang, r-devel-linux-x86_64-fedora-gcc, r-devel-windows-x86_64
Version: 0.1.0
Check: DESCRIPTION meta-information
Result: NOTE
Missing dependency on R >= 4.1.0 because package code uses the pipe
|> or function shorthand \(...) syntax added in R 4.1.0.
File(s) using such syntax:
‘kmers.R’ ‘read_fasta.R’
Flavor: r-devel-macos-x86_64
Version: 0.1.0
Check: installed package size
Result: NOTE
installed size is 5.3Mb
sub-directories of 1Mb or more:
data 1.6Mb
doc 2.1Mb
Flavors: r-release-macos-arm64, r-release-macos-x86_64, r-release-windows-x86_64, r-oldrel-macos-arm64, r-oldrel-macos-x86_64, r-oldrel-windows-x86_64