Last updated on 2024-07-27 01:53:19 CEST.
Flavor | Version | Tinstall | Tcheck | Ttotal | Status | Flags |
---|---|---|---|---|---|---|
r-devel-linux-x86_64-debian-clang | 1.3.1 | 18.16 | 79.51 | 97.67 | NOTE | |
r-devel-linux-x86_64-debian-gcc | 1.3.1 | 14.86 | 62.13 | 76.99 | NOTE | |
r-devel-linux-x86_64-fedora-clang | 1.3.1 | 123.89 | NOTE | |||
r-devel-linux-x86_64-fedora-gcc | 1.3.1 | 136.56 | NOTE | |||
r-devel-windows-x86_64 | 1.3.1 | 19.00 | 93.00 | 112.00 | NOTE | |
r-patched-linux-x86_64 | 1.3.1 | NOTE | ||||
r-release-linux-x86_64 | 1.3.1 | 18.73 | 76.25 | 94.98 | NOTE | |
r-release-macos-arm64 | 1.3.1 | 44.00 | NOTE | |||
r-release-macos-x86_64 | 1.3.1 | 68.00 | NOTE | |||
r-release-windows-x86_64 | 1.3.1 | 19.00 | 93.00 | 112.00 | NOTE | |
r-oldrel-macos-arm64 | 1.3.1 | 47.00 | NOTE | |||
r-oldrel-macos-x86_64 | 1.3.1 | 79.00 | NOTE | |||
r-oldrel-windows-x86_64 | 1.3.1 | 20.00 | 104.00 | 124.00 | NOTE |
Version: 1.3.1
Check: C++ specification
Result: NOTE
Specified C++11: please drop specification unless essential
Flavors: r-devel-linux-x86_64-debian-clang, r-devel-linux-x86_64-debian-gcc, r-devel-linux-x86_64-fedora-clang, r-devel-linux-x86_64-fedora-gcc, r-devel-windows-x86_64, r-patched-linux-x86_64, r-release-linux-x86_64, r-release-macos-arm64, r-release-macos-x86_64, r-release-windows-x86_64, r-oldrel-macos-arm64, r-oldrel-macos-x86_64, r-oldrel-windows-x86_64
Version: 1.3.1
Check: installed package size
Result: NOTE
installed size is 5.6Mb
sub-directories of 1Mb or more:
libs 4.6Mb
Flavors: r-release-macos-arm64, r-release-macos-x86_64, r-oldrel-macos-arm64, r-oldrel-macos-x86_64