Last updated on 2024-07-27 01:53:19 CEST.
Flavor | Version | Tinstall | Tcheck | Ttotal | Status | Flags |
---|---|---|---|---|---|---|
r-devel-linux-x86_64-debian-clang | 2.3.0.1 | 13.03 | 128.88 | 141.91 | OK | |
r-devel-linux-x86_64-debian-gcc | 2.3.0.1 | 13.41 | 93.12 | 106.53 | NOTE | |
r-devel-linux-x86_64-fedora-clang | 2.3.0.1 | 179.71 | OK | |||
r-devel-linux-x86_64-fedora-gcc | 2.3.0.1 | 182.89 | OK | |||
r-devel-windows-x86_64 | 2.3.0.1 | 15.00 | 116.00 | 131.00 | NOTE | |
r-patched-linux-x86_64 | 2.3.0.1 | OK | ||||
r-release-linux-x86_64 | 2.3.0.1 | 11.25 | 118.97 | 130.22 | OK | |
r-release-macos-arm64 | 2.3.0.1 | 56.00 | OK | |||
r-release-macos-x86_64 | 2.3.0.1 | 124.00 | OK | |||
r-release-windows-x86_64 | 2.3.0.1 | 15.00 | 113.00 | 128.00 | OK | |
r-oldrel-macos-arm64 | 2.3.0 | 59.00 | OK | |||
r-oldrel-macos-x86_64 | 2.3.0 | 85.00 | OK |
Version: 2.3.0.1
Check: Rd cross-references
Result: NOTE
Found the following Rd file(s) with Rd \link{} targets missing package
anchors:
anova.psem.Rd: Anova
coefs.Rd: Anova
summary.psem.Rd: Anova
Please provide package anchors for all Rd \link{} targets not in the
package itself and the base packages.
Flavors: r-devel-linux-x86_64-debian-gcc, r-devel-windows-x86_64