Last updated on 2024-07-27 01:53:19 CEST.
Flavor | Version | Tinstall | Tcheck | Ttotal | Status | Flags |
---|---|---|---|---|---|---|
r-devel-linux-x86_64-debian-clang | 0.0.10 | 2.31 | 40.84 | 43.15 | NOTE | |
r-devel-linux-x86_64-debian-gcc | 0.0.10 | 2.57 | 32.65 | 35.22 | NOTE | |
r-devel-linux-x86_64-fedora-clang | 0.0.10 | 57.68 | NOTE | |||
r-devel-linux-x86_64-fedora-gcc | 0.0.10 | 68.30 | NOTE | |||
r-devel-windows-x86_64 | 0.0.10 | 5.00 | 74.00 | 79.00 | NOTE | |
r-patched-linux-x86_64 | 0.0.10 | NOTE | ||||
r-release-linux-x86_64 | 0.0.10 | 2.92 | 40.58 | 43.50 | NOTE | |
r-release-macos-arm64 | 0.0.10 | 29.00 | NOTE | |||
r-release-macos-x86_64 | 0.0.10 | 45.00 | NOTE | |||
r-release-windows-x86_64 | 0.0.10 | 4.00 | 70.00 | 74.00 | NOTE | |
r-oldrel-macos-arm64 | 0.0.10 | 30.00 | OK | |||
r-oldrel-macos-x86_64 | 0.0.10 | 53.00 | OK | |||
r-oldrel-windows-x86_64 | 0.0.10 | 4.00 | 70.00 | 74.00 | OK |
Version: 0.0.10
Check: Rd files
Result: NOTE
checkRd: (-1) pinp.Rd:60: Lost braces; missing escapes or markup?
60 | {current date}"}
| ^
Flavors: r-devel-linux-x86_64-debian-clang, r-devel-linux-x86_64-debian-gcc, r-devel-linux-x86_64-fedora-clang, r-devel-linux-x86_64-fedora-gcc, r-devel-windows-x86_64, r-patched-linux-x86_64, r-release-linux-x86_64, r-release-macos-arm64, r-release-macos-x86_64, r-release-windows-x86_64
Version: 0.0.10
Check: Rd cross-references
Result: NOTE
Found the following Rd file(s) with Rd \link{} targets missing package
anchors:
pinp.Rd: knitr
Please provide package anchors for all Rd \link{} targets not in the
package itself and the base packages.
Flavors: r-devel-linux-x86_64-debian-gcc, r-devel-windows-x86_64