Last updated on 2025-10-09 02:51:51 CEST.
Flavor | Version | Tinstall | Tcheck | Ttotal | Status | Flags |
---|---|---|---|---|---|---|
r-devel-linux-x86_64-debian-clang | 0.6.0 | 23.61 | 339.75 | 363.36 | NOTE | |
r-devel-linux-x86_64-debian-gcc | 0.6.0 | 18.90 | 129.93 | 148.83 | ERROR | |
r-devel-linux-x86_64-fedora-clang | 0.6.0 | 570.31 | OK | |||
r-devel-linux-x86_64-fedora-gcc | 0.6.0 | 551.11 | OK | |||
r-devel-windows-x86_64 | 0.6.0 | 18.00 | 343.00 | 361.00 | OK | |
r-patched-linux-x86_64 | 0.6.0 | 24.52 | 325.41 | 349.93 | OK | |
r-release-linux-x86_64 | 0.6.0 | 24.06 | 326.37 | 350.43 | OK | |
r-release-macos-arm64 | 0.6.0 | 146.00 | OK | |||
r-release-macos-x86_64 | 0.6.0 | 345.00 | OK | |||
r-release-windows-x86_64 | 0.6.0 | 18.00 | 359.00 | 377.00 | OK | |
r-oldrel-macos-arm64 | 0.6.0 | 139.00 | OK | |||
r-oldrel-macos-x86_64 | 0.6.0 | 337.00 | OK | |||
r-oldrel-windows-x86_64 | 0.6.0 | 26.00 | 464.00 | 490.00 | OK |
Version: 0.6.0
Check: CRAN incoming feasibility
Result: NOTE
Maintainer: ‘Leonardo Egidi <legidi@units.it>’
No Authors@R field in DESCRIPTION.
Please add one, modifying
Authors@R: c(person(given = "Leonardo",
family = "Egidi",
role = c("aut", "cre"),
email = "legidi@units.it"),
person(given = "Roberta",
family = "Pappadà",
role = "aut"),
person(given = "Francesco",
family = "Pauli",
role = "aut"),
person(given = "Nicola",
family = "Torelli",
role = "aut"))
as necessary.
Flavors: r-devel-linux-x86_64-debian-clang, r-devel-linux-x86_64-debian-gcc
Version: 0.6.0
Check: re-building of vignette outputs
Result: ERROR
Error(s) in re-building vignettes:
...
--- re-building ‘K-means_clustering_using_the_MUS_algorithm.Rmd’ using rmarkdown
[WARNING] Deprecated: --highlight-style. Use --syntax-highlighting instead.
--- finished re-building ‘K-means_clustering_using_the_MUS_algorithm.Rmd’
--- re-building ‘Relabelling_in_Bayesian_mixtures_by_pivotal_units.Rmd’ using rmarkdown
Quitting from Relabelling_in_Bayesian_mixtures_by_pivotal_units.Rmd:143-147 [pivotal_rel]
~~~~~~~~~~~~~~~~~~~~~~~~~~~~~~~~~~~~~~~~~~~~~~~~~~~~~~~~~~~~~~~~~~~~~~~~~~~~~~~~
<error/rlang_error>
Error in `array()`:
! 'dims' cannot be of length 0
---
Backtrace:
▆
1. └─pivmet::piv_rel(mcmc = res)
2. └─base::array(NA, dim = c(true.iter, N))
~~~~~~~~~~~~~~~~~~~~~~~~~~~~~~~~~~~~~~~~~~~~~~~~~~~~~~~~~~~~~~~~~~~~~~~~~~~~~~~~
Error: processing vignette 'Relabelling_in_Bayesian_mixtures_by_pivotal_units.Rmd' failed with diagnostics:
'dims' cannot be of length 0
--- failed re-building ‘Relabelling_in_Bayesian_mixtures_by_pivotal_units.Rmd’
SUMMARY: processing the following file failed:
‘Relabelling_in_Bayesian_mixtures_by_pivotal_units.Rmd’
Error: Vignette re-building failed.
Execution halted
Flavor: r-devel-linux-x86_64-debian-gcc