CRAN Package Check Results for Package plde

Last updated on 2025-05-04 02:50:14 CEST.

Flavor Version Tinstall Tcheck Ttotal Status Flags
r-devel-linux-x86_64-debian-clang 0.1.2 1.62 18.97 20.59 NOTE
r-devel-linux-x86_64-debian-gcc 0.1.2 1.38 15.18 16.56 NOTE
r-devel-linux-x86_64-fedora-clang 0.1.2 32.07 OK
r-devel-linux-x86_64-fedora-gcc 0.1.2 31.12 OK
r-devel-windows-x86_64 0.1.2 3.00 39.00 42.00 OK
r-patched-linux-x86_64 0.1.2 1.84 17.77 19.61 OK
r-release-linux-x86_64 OK
r-release-macos-arm64 0.1.2 17.00 OK
r-release-macos-x86_64 0.1.2 22.00 OK
r-release-windows-x86_64 0.1.2 2.00 41.00 43.00 OK
r-oldrel-macos-arm64 0.1.2 16.00 NOTE
r-oldrel-macos-x86_64 0.1.2 20.00 NOTE
r-oldrel-windows-x86_64 0.1.2 2.00 37.00 39.00 NOTE

Check Details

Version: 0.1.2
Check: CRAN incoming feasibility
Result: NOTE Maintainer: ‘JungJun Lee <ljjoj@korea.ac.kr>’ No Authors@R field in DESCRIPTION. Please add one, modifying Authors@R: c(person(given = "JungJun", family = "Lee", role = c("aut", "cre"), email = "ljjoj@korea.ac.kr"), person(given = "Jae-Hwan", family = "Jhong", role = "aut"), person(given = "Young-Rae", family = "Cho", role = "aut"), person(given = "SungHwan", family = "Kim", role = "aut"), person(given = "Ja-yong", family = "Koo", role = "aut")) as necessary. Flavors: r-devel-linux-x86_64-debian-clang, r-devel-linux-x86_64-debian-gcc

Version: 0.1.2
Check: LazyData
Result: NOTE 'LazyData' is specified without a 'data' directory Flavors: r-oldrel-macos-arm64, r-oldrel-macos-x86_64, r-oldrel-windows-x86_64