Last updated on 2024-07-27 01:53:19 CEST.
Flavor | Version | Tinstall | Tcheck | Ttotal | Status | Flags |
---|---|---|---|---|---|---|
r-devel-linux-x86_64-debian-clang | 2.6-4 | 20.81 | 236.91 | 257.72 | OK | |
r-devel-linux-x86_64-debian-gcc | 2.6-4 | 17.43 | 170.02 | 187.45 | OK | |
r-devel-linux-x86_64-fedora-clang | 2.6-4 | 318.89 | NOTE | |||
r-devel-linux-x86_64-fedora-gcc | 2.6-4 | 309.13 | OK | |||
r-devel-windows-x86_64 | 2.6-4 | 23.00 | 197.00 | 220.00 | NOTE | |
r-patched-linux-x86_64 | 2.6-4 | OK | ||||
r-release-linux-x86_64 | 2.6-4 | 22.07 | 221.80 | 243.87 | OK | |
r-release-macos-arm64 | 2.6-4 | 89.00 | NOTE | |||
r-release-macos-x86_64 | 2.6-4 | 156.00 | NOTE | |||
r-release-windows-x86_64 | 2.6-4 | 23.00 | 197.00 | 220.00 | NOTE | |
r-oldrel-macos-arm64 | 2.6-4 | 97.00 | NOTE | |||
r-oldrel-macos-x86_64 | 2.6-4 | 257.00 | NOTE | |||
r-oldrel-windows-x86_64 | 2.6-4 | 30.00 | 244.00 | 274.00 | NOTE |
Version: 2.6-4
Check: installed package size
Result: NOTE
installed size is 5.7Mb
sub-directories of 1Mb or more:
tests 3.2Mb
Flavors: r-devel-linux-x86_64-fedora-clang, r-devel-windows-x86_64, r-release-macos-arm64, r-release-macos-x86_64, r-release-windows-x86_64, r-oldrel-macos-arm64, r-oldrel-macos-x86_64, r-oldrel-windows-x86_64