Last updated on 2024-07-27 01:53:19 CEST.
Flavor | Version | Tinstall | Tcheck | Ttotal | Status | Flags |
---|---|---|---|---|---|---|
r-devel-linux-x86_64-debian-clang | 2.4 | 15.35 | 81.47 | 96.82 | NOTE | |
r-devel-linux-x86_64-debian-gcc | 2.4 | 12.41 | 61.57 | 73.98 | NOTE | |
r-devel-linux-x86_64-fedora-clang | 2.4 | 127.43 | NOTE | |||
r-devel-linux-x86_64-fedora-gcc | 2.4 | 119.40 | NOTE | |||
r-devel-windows-x86_64 | 2.4 | 20.00 | 92.00 | 112.00 | NOTE | |
r-patched-linux-x86_64 | 2.4 | NOTE | ||||
r-release-linux-x86_64 | 2.4 | 15.49 | 78.98 | 94.47 | NOTE | |
r-release-macos-arm64 | 2.4 | 39.00 | NOTE | |||
r-release-macos-x86_64 | 2.4 | 59.00 | NOTE | |||
r-release-windows-x86_64 | 2.4 | 21.00 | 91.00 | 112.00 | NOTE | |
r-oldrel-macos-arm64 | 2.4 | 44.00 | NOTE | |||
r-oldrel-macos-x86_64 | 2.4 | 63.00 | NOTE | |||
r-oldrel-windows-x86_64 | 2.4 | 23.00 | 110.00 | 133.00 | NOTE |
Version: 2.4
Check: LazyData
Result: NOTE
'LazyData' is specified without a 'data' directory
Flavors: r-devel-linux-x86_64-debian-clang, r-devel-linux-x86_64-debian-gcc, r-devel-linux-x86_64-fedora-clang, r-devel-linux-x86_64-fedora-gcc, r-devel-windows-x86_64, r-patched-linux-x86_64, r-release-linux-x86_64, r-release-macos-arm64, r-release-macos-x86_64, r-release-windows-x86_64, r-oldrel-macos-arm64, r-oldrel-macos-x86_64, r-oldrel-windows-x86_64