Last updated on 2025-11-15 02:53:10 CET.
| Flavor | Version | Tinstall | Tcheck | Ttotal | Status | Flags |
|---|---|---|---|---|---|---|
| r-devel-linux-x86_64-debian-clang | 2.4 | 13.21 | 79.13 | 92.34 | OK | |
| r-devel-linux-x86_64-debian-gcc | 2.4 | 9.30 | 59.17 | 68.47 | OK | |
| r-devel-linux-x86_64-fedora-clang | 2.4 | 33.00 | 113.32 | 146.32 | OK | |
| r-devel-linux-x86_64-fedora-gcc | 2.4 | 31.00 | 106.59 | 137.59 | OK | |
| r-devel-windows-x86_64 | 2.4 | 24.00 | 97.00 | 121.00 | OK | |
| r-patched-linux-x86_64 | 2.4 | 13.50 | 73.88 | 87.38 | OK | |
| r-release-linux-x86_64 | 2.4 | 12.34 | 74.65 | 86.99 | OK | |
| r-release-macos-arm64 | 2.4 | 7.00 | 32.00 | 39.00 | OK | |
| r-release-macos-x86_64 | 2.4 | 13.00 | 53.00 | 66.00 | OK | |
| r-release-windows-x86_64 | 2.4 | 21.00 | 95.00 | 116.00 | OK | |
| r-oldrel-macos-arm64 | 2.4 | 8.00 | 31.00 | 39.00 | NOTE | |
| r-oldrel-macos-x86_64 | 2.4 | 13.00 | 46.00 | 59.00 | NOTE | |
| r-oldrel-windows-x86_64 | 2.4 | 24.00 | 120.00 | 144.00 | NOTE |
Version: 2.4
Check: LazyData
Result: NOTE
'LazyData' is specified without a 'data' directory
Flavors: r-oldrel-macos-arm64, r-oldrel-macos-x86_64, r-oldrel-windows-x86_64