CRAN Package Check Results for Package plothelper

Last updated on 2025-10-05 01:48:37 CEST.

Flavor Version Tinstall Tcheck Ttotal Status Flags
r-devel-linux-x86_64-debian-clang 0.1.9 7.58 77.97 85.55 OK
r-devel-linux-x86_64-debian-gcc 0.1.9 5.76 54.41 60.17 OK
r-devel-linux-x86_64-fedora-clang 0.1.9 130.44 OK
r-devel-linux-x86_64-fedora-gcc 0.1.9 123.41 OK
r-devel-windows-x86_64 0.1.9 12.00 91.00 103.00 OK
r-patched-linux-x86_64 0.1.9 9.51 72.76 82.27 OK
r-release-linux-x86_64 0.1.9 8.32 73.64 81.96 OK
r-release-macos-arm64 0.1.9 33.00 OK
r-release-macos-x86_64 0.1.9 56.00 OK
r-release-windows-x86_64 0.1.9 11.00 92.00 103.00 OK
r-oldrel-macos-arm64 0.1.9 33.00 NOTE
r-oldrel-macos-x86_64 0.1.9 46.00 NOTE
r-oldrel-windows-x86_64 0.1.9 15.00 113.00 128.00 NOTE

Additional issues

donttest

Check Details

Version: 0.1.9
Check: LazyData
Result: NOTE 'LazyData' is specified without a 'data' directory Flavors: r-oldrel-macos-arm64, r-oldrel-macos-x86_64, r-oldrel-windows-x86_64