Last updated on 2024-07-27 01:53:19 CEST.
Flavor | Version | Tinstall | Tcheck | Ttotal | Status | Flags |
---|---|---|---|---|---|---|
r-devel-linux-x86_64-debian-clang | 4.10.4 | 19.09 | 259.81 | 278.90 | OK | |
r-devel-linux-x86_64-debian-gcc | 4.10.4 | 15.08 | 192.18 | 207.26 | OK | |
r-devel-linux-x86_64-fedora-clang | 4.10.4 | 332.21 | NOTE | |||
r-devel-linux-x86_64-fedora-gcc | 4.10.4 | 313.01 | OK | |||
r-devel-windows-x86_64 | 4.10.4 | 22.00 | 189.00 | 211.00 | NOTE | |
r-patched-linux-x86_64 | 4.10.4 | OK | ||||
r-release-linux-x86_64 | 4.10.4 | 18.39 | 247.37 | 265.76 | OK | |
r-release-macos-arm64 | 4.10.4 | 97.00 | NOTE | |||
r-release-macos-x86_64 | 4.10.4 | 149.00 | NOTE | |||
r-release-windows-x86_64 | 4.10.4 | 19.00 | 183.00 | 202.00 | NOTE | |
r-oldrel-macos-arm64 | 4.10.4 | 95.00 | NOTE | |||
r-oldrel-macos-x86_64 | 4.10.4 | 198.00 | NOTE | |||
r-oldrel-windows-x86_64 | 4.10.4 | 23.00 | 239.00 | 262.00 | NOTE |
Version: 4.10.4
Check: installed package size
Result: NOTE
installed size is 7.2Mb
sub-directories of 1Mb or more:
htmlwidgets 4.0Mb
Flavors: r-devel-linux-x86_64-fedora-clang, r-devel-windows-x86_64, r-release-macos-arm64, r-release-macos-x86_64, r-release-windows-x86_64, r-oldrel-macos-arm64, r-oldrel-macos-x86_64, r-oldrel-windows-x86_64