Last updated on 2024-07-27 01:53:19 CEST.
Flavor | Version | Tinstall | Tcheck | Ttotal | Status | Flags |
---|---|---|---|---|---|---|
r-devel-linux-x86_64-debian-clang | 1.2.2 | 16.20 | 103.48 | 119.68 | OK | |
r-devel-linux-x86_64-debian-gcc | 1.2.2 | 10.90 | 77.87 | 88.77 | OK | |
r-devel-linux-x86_64-fedora-clang | 1.2.2 | 156.38 | OK | |||
r-devel-linux-x86_64-fedora-gcc | 1.2.2 | 182.07 | OK | |||
r-devel-windows-x86_64 | 1.2.2 | 14.00 | 102.00 | 116.00 | OK | |
r-patched-linux-x86_64 | 1.2.2 | OK | ||||
r-release-linux-x86_64 | 1.2.2 | 11.94 | 100.34 | 112.28 | OK | |
r-release-macos-arm64 | 1.2.2 | 60.00 | OK | |||
r-release-macos-x86_64 | 1.2.2 | 112.00 | NOTE | |||
r-release-windows-x86_64 | 1.2.2 | 13.00 | 100.00 | 113.00 | OK | |
r-oldrel-macos-arm64 | 1.2.2 | 68.00 | OK | |||
r-oldrel-macos-x86_64 | 1.2.2 | 159.00 | OK | |||
r-oldrel-windows-x86_64 | 1.2.2 | 15.00 | 119.00 | 134.00 | OK |
Version: 1.2.2
Check: package dependencies
Result: NOTE
Package suggested but not available for checking: ‘arrow’
Flavor: r-release-macos-x86_64
Version: 1.2.2
Check: Rd cross-references
Result: NOTE
Package unavailable to check Rd xrefs: ‘arrow’
Flavor: r-release-macos-x86_64